{"id":12,"date":"2016-07-29T15:44:17","date_gmt":"2016-07-29T15:44:17","guid":{"rendered":"http:\/\/www.amicsdelcamell.cat\/?page_id=12"},"modified":"2024-03-31T14:59:03","modified_gmt":"2024-03-31T14:59:03","slug":"inici","status":"publish","type":"page","link":"https:\/\/www.amicsdelcamell.cat\/inici\/","title":{"rendered":"Amics del Camell"},"content":{"rendered":"\n<figure class=\"wp-block-embed is-type-video is-provider-youtube wp-block-embed-youtube wp-embed-aspect-16-9 wp-has-aspect-ratio\"><div class=\"wp-block-embed__wrapper\">\n<iframe loading=\"lazy\" title=\"Corre-cuita i Sarau d\u2019espurnes 2022 (1\/3)\" width=\"840\" height=\"473\" src=\"https:\/\/www.youtube.com\/embed\/u_1UEMVU-aM?feature=oembed\" frameborder=\"0\" allow=\"accelerometer; autoplay; clipboard-write; encrypted-media; gyroscope; picture-in-picture\" allowfullscreen><\/iframe>\n<\/div><figcaption>Corre-cuita i Sarau d&#8217;Espurnes 2022 \u00b7 V\u00eddeo de Pol Sed\u00f3<\/figcaption><\/figure>\n\n\n\n<p>El <a href=\"http:\/\/www.amicsdelcamell.cat\/labestia\/\">Camell<\/a> \u00e9s una b\u00e8stia de foc de grans dimensions <a href=\"http:\/\/www.amicsdelcamell.cat\/inici\/labestia\/recuperacio\/\">recuperada l&#8217;any 1981<\/a> d&#8217;una tradici\u00f3 carnavalesca de Molins de Rei <a href=\"http:\/\/www.amicsdelcamell.cat\/inici\/labestia\/origens\/\">documentada a finals del segle XVIII<\/a>, si b\u00e9 pot ser molt anterior. <\/p>\n\n\n\n<p>La seva sortida m\u00e9s emblem\u00e0tica \u00e9s el <a href=\"http:\/\/www.amicsdelcamell.cat\/inici\/correcuites\/festa-major\/\">Correcuita i Sarau d&#8217;Espurnes<\/a> de la Festa Major de Sant Miquel, per\u00f2 els seus or\u00edgens estan estretament lligats a la tradici\u00f3 carnavalesca molinenca. Per Carnaval el Camell \u00e9s el protagonista del <a href=\"http:\/\/www.amicsdelcamell.cat\/inici\/balldelcamell\/\">Ball del Camell<\/a> i de l&#8217;<a href=\"http:\/\/www.amicsdelcamell.cat\/inici\/correcuites\/carnaval\/\" data-type=\"URL\" data-id=\"http:\/\/www.amicsdelcamell.cat\/inici\/correcuites\/carnaval\/\">Empaitaculs del Camell<\/a> que acaba amb el Samaniat i la crema de sa Majestat, el Rei Carnestoltes. <\/p>\n\n\n\n<figure class=\"wp-block-image size-large is-resized\"><img loading=\"lazy\" src=\"http:\/\/www.amicsdelcamell.cat\/wp-content\/uploads\/2021\/12\/COMEDIANTS-Guillem-Urba-660-1024x683.jpg\" alt=\"\" class=\"wp-image-898\" width=\"632\" height=\"421\" srcset=\"https:\/\/www.amicsdelcamell.cat\/wp-content\/uploads\/2021\/12\/COMEDIANTS-Guillem-Urba-660-1024x683.jpg 1024w, https:\/\/www.amicsdelcamell.cat\/wp-content\/uploads\/2021\/12\/COMEDIANTS-Guillem-Urba-660-300x200.jpg 300w, https:\/\/www.amicsdelcamell.cat\/wp-content\/uploads\/2021\/12\/COMEDIANTS-Guillem-Urba-660-768x512.jpg 768w, https:\/\/www.amicsdelcamell.cat\/wp-content\/uploads\/2021\/12\/COMEDIANTS-Guillem-Urba-660-1536x1024.jpg 1536w, https:\/\/www.amicsdelcamell.cat\/wp-content\/uploads\/2021\/12\/COMEDIANTS-Guillem-Urba-660-2048x1365.jpg 2048w, https:\/\/www.amicsdelcamell.cat\/wp-content\/uploads\/2021\/12\/COMEDIANTS-Guillem-Urba-660-1200x800.jpg 1200w\" sizes=\"(max-width: 632px) 85vw, 632px\" \/><figcaption>Festa Major 2006 &#8211; Imatge Guillem Urb\u00e0<\/figcaption><\/figure>\n","protected":false},"excerpt":{"rendered":"<p>El Camell \u00e9s una b\u00e8stia de foc de grans dimensions recuperada l&#8217;any 1981 d&#8217;una tradici\u00f3 carnavalesca de Molins de Rei documentada a finals del segle XVIII, si b\u00e9 pot ser molt anterior. La seva sortida m\u00e9s emblem\u00e0tica \u00e9s el Correcuita i Sarau d&#8217;Espurnes de la Festa Major de Sant Miquel, per\u00f2 els seus or\u00edgens estan &hellip; <a href=\"https:\/\/www.amicsdelcamell.cat\/inici\/\" class=\"more-link\">Continua llegint <span class=\"screen-reader-text\">\u00abAmics del Camell\u00bb<\/span><\/a><\/p>\n","protected":false},"author":1,"featured_media":0,"parent":0,"menu_order":1,"comment_status":"closed","ping_status":"closed","template":"","meta":[],"_links":{"self":[{"href":"https:\/\/www.amicsdelcamell.cat\/inici\/wp-json\/wp\/v2\/pages\/12"}],"collection":[{"href":"https:\/\/www.amicsdelcamell.cat\/inici\/wp-json\/wp\/v2\/pages"}],"about":[{"href":"https:\/\/www.amicsdelcamell.cat\/inici\/wp-json\/wp\/v2\/types\/page"}],"author":[{"embeddable":true,"href":"https:\/\/www.amicsdelcamell.cat\/inici\/wp-json\/wp\/v2\/users\/1"}],"replies":[{"embeddable":true,"href":"https:\/\/www.amicsdelcamell.cat\/inici\/wp-json\/wp\/v2\/comments?post=12"}],"version-history":[{"count":11,"href":"https:\/\/www.amicsdelcamell.cat\/inici\/wp-json\/wp\/v2\/pages\/12\/revisions"}],"predecessor-version":[{"id":1149,"href":"https:\/\/www.amicsdelcamell.cat\/inici\/wp-json\/wp\/v2\/pages\/12\/revisions\/1149"}],"wp:attachment":[{"href":"https:\/\/www.amicsdelcamell.cat\/inici\/wp-json\/wp\/v2\/media?parent=12"}],"curies":[{"name":"wp","href":"https:\/\/api.w.org\/{rel}","templated":true}]}}

<figure class="wp-block-embed is-type-video is-provider-youtube wp-block-embed-youtube wp-embed-aspect-16-9 wp-has-aspect-ratio"><div class="wp-block-embed__wrapper">
<iframe loading="lazy" title="Corre-cuita i Sarau d’espurnes 2022 (1/3)" width="840" height="473" src="https://www.youtube.com/embed/u_1UEMVU-aM?feature=oembed" frameborder="0" allow="accelerometer; autoplay; clipboard-write; encrypted-media; gyroscope; picture-in-picture" allowfullscreen></iframe>
</div><figcaption>Corre-cuita i Sarau d&#8217;Espurnes 2022 · Vídeo de Pol Sedó</figcaption></figure>



<p>El <a href="http://www.amicsdelcamell.cat/labestia/">Camell</a> és una bèstia de foc de grans dimensions <a href="http://www.amicsdelcamell.cat/inici/labestia/recuperacio/">recuperada l&#8217;any 1981</a> d&#8217;una tradició carnavalesca de Molins de Rei <a href="http://www.amicsdelcamell.cat/inici/labestia/origens/">documentada a finals del segle XVIII</a>, si bé pot ser molt anterior. </p>



<p>La seva sortida més emblemàtica és el <a href="http://www.amicsdelcamell.cat/inici/correcuites/festa-major/">Correcuita i Sarau d&#8217;Espurnes</a> de la Festa Major de Sant Miquel, però els seus orígens estan estretament lligats a la tradició carnavalesca molinenca. Per Carnaval el Camell és el protagonista del <a href="http://www.amicsdelcamell.cat/inici/balldelcamell/">Ball del Camell</a> i de l&#8217;<a href="http://www.amicsdelcamell.cat/inici/correcuites/carnaval/" data-type="URL" data-id="http://www.amicsdelcamell.cat/inici/correcuites/carnaval/">Empaitaculs del Camell</a> que acaba amb el Samaniat i la crema de sa Majestat, el Rei Carnestoltes. </p>



<figure class="wp-block-image size-large is-resized"><img loading="lazy" src="http://www.amicsdelcamell.cat/wp-content/uploads/2021/12/COMEDIANTS-Guillem-Urba-660-1024x683.jpg" alt="" class="wp-image-898" width="632" height="421" srcset="https://www.amicsdelcamell.cat/wp-content/uploads/2021/12/COMEDIANTS-Guillem-Urba-660-1024x683.jpg 1024w, https://www.amicsdelcamell.cat/wp-content/uploads/2021/12/COMEDIANTS-Guillem-Urba-660-300x200.jpg 300w, https://www.amicsdelcamell.cat/wp-content/uploads/2021/12/COMEDIANTS-Guillem-Urba-660-768x512.jpg 768w, https://www.amicsdelcamell.cat/wp-content/uploads/2021/12/COMEDIANTS-Guillem-Urba-660-1536x1024.jpg 1536w, https://www.amicsdelcamell.cat/wp-content/uploads/2021/12/COMEDIANTS-Guillem-Urba-660-2048x1365.jpg 2048w, https://www.amicsdelcamell.cat/wp-content/uploads/2021/12/COMEDIANTS-Guillem-Urba-660-1200x800.jpg 1200w" sizes="(max-width: 632px) 85vw, 632px" /><figcaption>Festa Major 2006 &#8211; Imatge Guillem Urbà</figcaption></figure>

<p>El Camell és una bèstia de foc de grans dimensions recuperada l&#8217;any 1981 d&#8217;una tradició carnavalesca de Molins de Rei documentada a finals del segle XVIII, si bé pot ser molt anterior. La seva sortida més emblemàtica és el Correcuita i Sarau d&#8217;Espurnes de la Festa Major de Sant Miquel, però els seus orígens estan &hellip; <a href="https://www.amicsdelcamell.cat/inici/" class="more-link">Continua llegint <span class="screen-reader-text">«Amics del Camell»</span></a></p>
