{"id":859,"date":"2021-12-12T17:35:54","date_gmt":"2021-12-12T17:35:54","guid":{"rendered":"http:\/\/www.amicsdelcamell.cat\/entitat\/?page_id=859"},"modified":"2025-02-21T09:48:25","modified_gmt":"2025-02-21T09:48:25","slug":"partsdelballdelcamell","status":"publish","type":"page","link":"http:\/\/www.amicsdelcamell.cat\/inici\/balldelcamell\/partsdelballdelcamell\/","title":{"rendered":"Parts del Ball del Camell"},"content":{"rendered":"\n<p>El <strong>Ball del Camell<\/strong> consta de <strong>tres parts ben diferenciades<\/strong>: el <strong>Ball de M\u00e0scares<\/strong>, el <strong>Ball del Poble<\/strong> i el <strong>Ball de la B\u00e8stia<\/strong>. Aquest conjunt de danses representa una <strong>interpretaci\u00f3 moderna<\/strong> d\u2019una antiga <strong>tradici\u00f3 molinenca<\/strong>, documentada al Carnaval del segle XIX, tot i que, per les seves caracter\u00edstiques, podria tenir or\u00edgens encara m\u00e9s antics.<\/p>\n\n\n\n<h2><span style=\"color:#ff8000\" class=\"has-inline-color\">El Ball del M\u00e0scares<\/span><\/h2>\n\n\n\n<div class=\"wp-block-columns\">\n<div class=\"wp-block-column\">\n<p>Les <strong>classes benestants de la Vila<\/strong> inauguren el Ball, per\u00f2 <strong>nom\u00e9s uns pocs hi s\u00f3n convidats<\/strong>. El poble es veu obligat a observar-ho des de la dist\u00e0ncia. Amb gestos alt\u00edvols i aires de grandesa, l\u2019<strong>aristocr\u00e0cia<\/strong> balla una dansa <strong>lenta i pretensiosa<\/strong>, mentre al voltant es comen\u00e7a a sentir la <strong>remor d\u2019una revolta imminent<\/strong>.<\/p>\n<\/div>\n\n\n\n<div class=\"wp-block-column\">\n<figure class=\"wp-block-image size-large\"><img loading=\"lazy\" width=\"1024\" height=\"683\" src=\"http:\/\/www.amicsdelcamell.cat\/wp-content\/uploads\/2025\/02\/Hctrphoto-8888-1024x683.jpg\" alt=\"\" class=\"wp-image-1274\" srcset=\"http:\/\/www.amicsdelcamell.cat\/wp-content\/uploads\/2025\/02\/Hctrphoto-8888-1024x683.jpg 1024w, http:\/\/www.amicsdelcamell.cat\/wp-content\/uploads\/2025\/02\/Hctrphoto-8888-300x200.jpg 300w, http:\/\/www.amicsdelcamell.cat\/wp-content\/uploads\/2025\/02\/Hctrphoto-8888-768x512.jpg 768w, http:\/\/www.amicsdelcamell.cat\/wp-content\/uploads\/2025\/02\/Hctrphoto-8888-1536x1024.jpg 1536w, http:\/\/www.amicsdelcamell.cat\/wp-content\/uploads\/2025\/02\/Hctrphoto-8888-2048x1365.jpg 2048w, http:\/\/www.amicsdelcamell.cat\/wp-content\/uploads\/2025\/02\/Hctrphoto-8888-1200x800.jpg 1200w\" sizes=\"(max-width: 709px) 85vw, (max-width: 909px) 67vw, (max-width: 1362px) 62vw, 840px\" \/><figcaption>Ball de M\u00e0scares Carnaval 2024 \u00b7 Imatge H\u00e9ctor Hern\u00e1ndez<\/figcaption><\/figure>\n<\/div>\n<\/div>\n\n\n\n<p>Des dels seus inicis, l\u2019<strong>Esbart Dansaire de Molins de Rei<\/strong> s\u2019ha encarregat d\u2019aquest ball. La coreografia, tot i haver sofert alguns canvis al llarg dels anys, es va dissenyar amb l\u2019ajuda del <strong>Sac de Danses<\/strong> i l\u2019<strong>Esbart de Rub\u00ed<\/strong>. El vestuari, inspirat en el segle XIX, tamb\u00e9 ha estat renovat en diverses ocasions, amb l\u2019\u00faltima actualitzaci\u00f3 realitzada aquest mateix any.<\/p>\n\n\n\n<h2><span style=\"color:#ff8000\" class=\"has-inline-color\">El Ball del Poble<\/span><\/h2>\n\n\n\n<div class=\"wp-block-columns\">\n<div class=\"wp-block-column\">\n<figure class=\"wp-block-image size-large\"><img loading=\"lazy\" width=\"1024\" height=\"683\" src=\"http:\/\/www.amicsdelcamell.cat\/wp-content\/uploads\/2025\/02\/Hctrphoto-8995-1024x683.jpg\" alt=\"\" class=\"wp-image-1275\" srcset=\"http:\/\/www.amicsdelcamell.cat\/wp-content\/uploads\/2025\/02\/Hctrphoto-8995-1024x683.jpg 1024w, http:\/\/www.amicsdelcamell.cat\/wp-content\/uploads\/2025\/02\/Hctrphoto-8995-300x200.jpg 300w, http:\/\/www.amicsdelcamell.cat\/wp-content\/uploads\/2025\/02\/Hctrphoto-8995-768x512.jpg 768w, http:\/\/www.amicsdelcamell.cat\/wp-content\/uploads\/2025\/02\/Hctrphoto-8995-1536x1024.jpg 1536w, http:\/\/www.amicsdelcamell.cat\/wp-content\/uploads\/2025\/02\/Hctrphoto-8995-2048x1365.jpg 2048w, http:\/\/www.amicsdelcamell.cat\/wp-content\/uploads\/2025\/02\/Hctrphoto-8995-1200x800.jpg 1200w\" sizes=\"(max-width: 709px) 85vw, (max-width: 909px) 67vw, (max-width: 1362px) 62vw, 840px\" \/><figcaption>Ball del Poble Carnaval 2024 \u00b7 Imatge H\u00e9ctor Hern\u00e1ndez<\/figcaption><\/figure>\n<\/div>\n\n\n\n<div class=\"wp-block-column\">\n<p>Cansats d\u2019observar passivament, els <strong>Esparriots<\/strong> decideixen actuar. Irrompen a la pla\u00e7a, <strong>trenquen el ball elitista<\/strong> i prenen el protagonisme. La m\u00fasica s\u2019accelera, la festa esclata i el cel s\u2019il\u00b7lumina amb espurnes. <\/p>\n\n\n\n<p><meta charset=\"utf-8\"><strong>El poble ha recuperat l\u2019espai\u2026 i no est\u00e0 sol: el Camell s\u2019uneix a la celebraci\u00f3!<\/strong><\/p>\n<\/div>\n<\/div>\n\n\n\n<p>Aquesta part del Ball del Camell tamb\u00e9 compta amb <strong>coreografia i m\u00fasica pr\u00f2pies<\/strong>. En els darrers anys, ha estat dirigida pels <strong>Amics del Camell<\/strong> i actualment disposa d&#8217;un <strong>grup propi format exclusivament per dones<\/strong>. <\/p>\n\n\n\n<h2><span style=\"color:#ff8000\" class=\"has-inline-color\">El Ball de la B\u00e8stia<\/span><\/h2>\n\n\n\n<p>Amb la pla\u00e7a conquerida pel poble, <strong>la b\u00e8stia pren el protagonisme<\/strong>. Al ritme pausat i contundent de la tuba, el Camell es mou, <strong>parodiant i ridiculitzant els aires de superioritat de l\u2019aristocr\u00e0cia molinenca<\/strong>. Finalment, la m\u00fasica canvia i tornen a sonar les <strong>corrandes populars<\/strong>, donant pas a l\u2019<strong><a href=\"http:\/\/www.amicsdelcamell.cat\/inici\/correcuites\/carnaval\/\" data-type=\"page\" data-id=\"79\">Empaitaculs del Camell<\/a><\/strong> pels carrers de la Vila.<\/p>\n\n\n\n<figure class=\"wp-block-image size-large\"><img loading=\"lazy\" width=\"1024\" height=\"683\" src=\"http:\/\/www.amicsdelcamell.cat\/wp-content\/uploads\/2025\/02\/Hctrphoto-9117-1024x683.jpg\" alt=\"\" class=\"wp-image-1276\" srcset=\"http:\/\/www.amicsdelcamell.cat\/wp-content\/uploads\/2025\/02\/Hctrphoto-9117-1024x683.jpg 1024w, http:\/\/www.amicsdelcamell.cat\/wp-content\/uploads\/2025\/02\/Hctrphoto-9117-300x200.jpg 300w, http:\/\/www.amicsdelcamell.cat\/wp-content\/uploads\/2025\/02\/Hctrphoto-9117-768x512.jpg 768w, http:\/\/www.amicsdelcamell.cat\/wp-content\/uploads\/2025\/02\/Hctrphoto-9117-1536x1024.jpg 1536w, http:\/\/www.amicsdelcamell.cat\/wp-content\/uploads\/2025\/02\/Hctrphoto-9117-2048x1365.jpg 2048w, http:\/\/www.amicsdelcamell.cat\/wp-content\/uploads\/2025\/02\/Hctrphoto-9117-1200x800.jpg 1200w\" sizes=\"(max-width: 709px) 85vw, (max-width: 909px) 67vw, (max-width: 1362px) 62vw, 840px\" \/><figcaption>Ball de la b\u00e8stia Carnaval 2024 \u00b7 Imatge H\u00e9ctor Hern\u00e1ndez<\/figcaption><\/figure>\n\n\n\n<p>La b\u00e8stia i els seus seguidors recorren els carrers fins a arribar a la <strong>pla\u00e7a de l\u2019Esgl\u00e9sia<\/strong>, on els espera el <strong>Rei Carnestoltes<\/strong>, preparat per ser <strong>cremat a la foguera<\/strong> despr\u00e9s de completar el <strong>Samaniat<\/strong>.<\/p>\n","protected":false},"excerpt":{"rendered":"<p>El Ball del Camell consta de tres parts ben diferenciades: el Ball de M\u00e0scares, el Ball del Poble i el Ball de la B\u00e8stia. Aquest conjunt de danses representa una interpretaci\u00f3 moderna d\u2019una antiga tradici\u00f3 molinenca, documentada al Carnaval del segle XIX, tot i que, per les seves caracter\u00edstiques, podria tenir or\u00edgens encara m\u00e9s antics. &hellip; <a href=\"http:\/\/www.amicsdelcamell.cat\/inici\/balldelcamell\/partsdelballdelcamell\/\" class=\"more-link\">Continua llegint <span class=\"screen-reader-text\">\u00abParts del Ball del Camell\u00bb<\/span><\/a><\/p>\n","protected":false},"author":2,"featured_media":0,"parent":635,"menu_order":1,"comment_status":"closed","ping_status":"closed","template":"","meta":[],"_links":{"self":[{"href":"http:\/\/www.amicsdelcamell.cat\/inici\/wp-json\/wp\/v2\/pages\/859"}],"collection":[{"href":"http:\/\/www.amicsdelcamell.cat\/inici\/wp-json\/wp\/v2\/pages"}],"about":[{"href":"http:\/\/www.amicsdelcamell.cat\/inici\/wp-json\/wp\/v2\/types\/page"}],"author":[{"embeddable":true,"href":"http:\/\/www.amicsdelcamell.cat\/inici\/wp-json\/wp\/v2\/users\/2"}],"replies":[{"embeddable":true,"href":"http:\/\/www.amicsdelcamell.cat\/inici\/wp-json\/wp\/v2\/comments?post=859"}],"version-history":[{"count":9,"href":"http:\/\/www.amicsdelcamell.cat\/inici\/wp-json\/wp\/v2\/pages\/859\/revisions"}],"predecessor-version":[{"id":1277,"href":"http:\/\/www.amicsdelcamell.cat\/inici\/wp-json\/wp\/v2\/pages\/859\/revisions\/1277"}],"up":[{"embeddable":true,"href":"http:\/\/www.amicsdelcamell.cat\/inici\/wp-json\/wp\/v2\/pages\/635"}],"wp:attachment":[{"href":"http:\/\/www.amicsdelcamell.cat\/inici\/wp-json\/wp\/v2\/media?parent=859"}],"curies":[{"name":"wp","href":"https:\/\/api.w.org\/{rel}","templated":true}]}}

<p>El <strong>Ball del Camell</strong> consta de <strong>tres parts ben diferenciades</strong>: el <strong>Ball de Màscares</strong>, el <strong>Ball del Poble</strong> i el <strong>Ball de la Bèstia</strong>. Aquest conjunt de danses representa una <strong>interpretació moderna</strong> d’una antiga <strong>tradició molinenca</strong>, documentada al Carnaval del segle XIX, tot i que, per les seves característiques, podria tenir orígens encara més antics.</p>



<h2><span style="color:#ff8000" class="has-inline-color">El Ball del Màscares</span></h2>



<div class="wp-block-columns">
<div class="wp-block-column">
<p>Les <strong>classes benestants de la Vila</strong> inauguren el Ball, però <strong>només uns pocs hi són convidats</strong>. El poble es veu obligat a observar-ho des de la distància. Amb gestos altívols i aires de grandesa, l’<strong>aristocràcia</strong> balla una dansa <strong>lenta i pretensiosa</strong>, mentre al voltant es comença a sentir la <strong>remor d’una revolta imminent</strong>.</p>
</div>



<div class="wp-block-column">
<figure class="wp-block-image size-large"><img loading="lazy" width="1024" height="683" src="http://www.amicsdelcamell.cat/wp-content/uploads/2025/02/Hctrphoto-8888-1024x683.jpg" alt="" class="wp-image-1274" srcset="http://www.amicsdelcamell.cat/wp-content/uploads/2025/02/Hctrphoto-8888-1024x683.jpg 1024w, http://www.amicsdelcamell.cat/wp-content/uploads/2025/02/Hctrphoto-8888-300x200.jpg 300w, http://www.amicsdelcamell.cat/wp-content/uploads/2025/02/Hctrphoto-8888-768x512.jpg 768w, http://www.amicsdelcamell.cat/wp-content/uploads/2025/02/Hctrphoto-8888-1536x1024.jpg 1536w, http://www.amicsdelcamell.cat/wp-content/uploads/2025/02/Hctrphoto-8888-2048x1365.jpg 2048w, http://www.amicsdelcamell.cat/wp-content/uploads/2025/02/Hctrphoto-8888-1200x800.jpg 1200w" sizes="(max-width: 709px) 85vw, (max-width: 909px) 67vw, (max-width: 1362px) 62vw, 840px" /><figcaption>Ball de Màscares Carnaval 2024 · Imatge Héctor Hernández</figcaption></figure>
</div>
</div>



<p>Des dels seus inicis, l’<strong>Esbart Dansaire de Molins de Rei</strong> s’ha encarregat d’aquest ball. La coreografia, tot i haver sofert alguns canvis al llarg dels anys, es va dissenyar amb l’ajuda del <strong>Sac de Danses</strong> i l’<strong>Esbart de Rubí</strong>. El vestuari, inspirat en el segle XIX, també ha estat renovat en diverses ocasions, amb l’última actualització realitzada aquest mateix any.</p>



<h2><span style="color:#ff8000" class="has-inline-color">El Ball del Poble</span></h2>



<div class="wp-block-columns">
<div class="wp-block-column">
<figure class="wp-block-image size-large"><img loading="lazy" width="1024" height="683" src="http://www.amicsdelcamell.cat/wp-content/uploads/2025/02/Hctrphoto-8995-1024x683.jpg" alt="" class="wp-image-1275" srcset="http://www.amicsdelcamell.cat/wp-content/uploads/2025/02/Hctrphoto-8995-1024x683.jpg 1024w, http://www.amicsdelcamell.cat/wp-content/uploads/2025/02/Hctrphoto-8995-300x200.jpg 300w, http://www.amicsdelcamell.cat/wp-content/uploads/2025/02/Hctrphoto-8995-768x512.jpg 768w, http://www.amicsdelcamell.cat/wp-content/uploads/2025/02/Hctrphoto-8995-1536x1024.jpg 1536w, http://www.amicsdelcamell.cat/wp-content/uploads/2025/02/Hctrphoto-8995-2048x1365.jpg 2048w, http://www.amicsdelcamell.cat/wp-content/uploads/2025/02/Hctrphoto-8995-1200x800.jpg 1200w" sizes="(max-width: 709px) 85vw, (max-width: 909px) 67vw, (max-width: 1362px) 62vw, 840px" /><figcaption>Ball del Poble Carnaval 2024 · Imatge Héctor Hernández</figcaption></figure>
</div>



<div class="wp-block-column">
<p>Cansats d’observar passivament, els <strong>Esparriots</strong> decideixen actuar. Irrompen a la plaça, <strong>trenquen el ball elitista</strong> i prenen el protagonisme. La música s’accelera, la festa esclata i el cel s’il·lumina amb espurnes. </p>



<p><meta charset="utf-8"><strong>El poble ha recuperat l’espai… i no està sol: el Camell s’uneix a la celebració!</strong></p>
</div>
</div>



<p>Aquesta part del Ball del Camell també compta amb <strong>coreografia i música pròpies</strong>. En els darrers anys, ha estat dirigida pels <strong>Amics del Camell</strong> i actualment disposa d&#8217;un <strong>grup propi format exclusivament per dones</strong>. </p>



<h2><span style="color:#ff8000" class="has-inline-color">El Ball de la Bèstia</span></h2>



<p>Amb la plaça conquerida pel poble, <strong>la bèstia pren el protagonisme</strong>. Al ritme pausat i contundent de la tuba, el Camell es mou, <strong>parodiant i ridiculitzant els aires de superioritat de l’aristocràcia molinenca</strong>. Finalment, la música canvia i tornen a sonar les <strong>corrandes populars</strong>, donant pas a l’<strong><a href="http://www.amicsdelcamell.cat/inici/correcuites/carnaval/" data-type="page" data-id="79">Empaitaculs del Camell</a></strong> pels carrers de la Vila.</p>



<figure class="wp-block-image size-large"><img loading="lazy" width="1024" height="683" src="http://www.amicsdelcamell.cat/wp-content/uploads/2025/02/Hctrphoto-9117-1024x683.jpg" alt="" class="wp-image-1276" srcset="http://www.amicsdelcamell.cat/wp-content/uploads/2025/02/Hctrphoto-9117-1024x683.jpg 1024w, http://www.amicsdelcamell.cat/wp-content/uploads/2025/02/Hctrphoto-9117-300x200.jpg 300w, http://www.amicsdelcamell.cat/wp-content/uploads/2025/02/Hctrphoto-9117-768x512.jpg 768w, http://www.amicsdelcamell.cat/wp-content/uploads/2025/02/Hctrphoto-9117-1536x1024.jpg 1536w, http://www.amicsdelcamell.cat/wp-content/uploads/2025/02/Hctrphoto-9117-2048x1365.jpg 2048w, http://www.amicsdelcamell.cat/wp-content/uploads/2025/02/Hctrphoto-9117-1200x800.jpg 1200w" sizes="(max-width: 709px) 85vw, (max-width: 909px) 67vw, (max-width: 1362px) 62vw, 840px" /><figcaption>Ball de la bèstia Carnaval 2024 · Imatge Héctor Hernández</figcaption></figure>



<p>La bèstia i els seus seguidors recorren els carrers fins a arribar a la <strong>plaça de l’Església</strong>, on els espera el <strong>Rei Carnestoltes</strong>, preparat per ser <strong>cremat a la foguera</strong> després de completar el <strong>Samaniat</strong>.</p>

<p>El Ball del Camell consta de tres parts ben diferenciades: el Ball de Màscares, el Ball del Poble i el Ball de la Bèstia. Aquest conjunt de danses representa una interpretació moderna d’una antiga tradició molinenca, documentada al Carnaval del segle XIX, tot i que, per les seves característiques, podria tenir orígens encara més antics. &hellip; <a href="http://www.amicsdelcamell.cat/inici/balldelcamell/partsdelballdelcamell/" class="more-link">Continua llegint <span class="screen-reader-text">«Parts del Ball del Camell»</span></a></p>
