{"id":70,"date":"2016-07-29T16:16:48","date_gmt":"2016-07-29T16:16:48","guid":{"rendered":"http:\/\/www.amicsdelcamell.cat\/?page_id=70"},"modified":"2024-03-31T15:15:57","modified_gmt":"2024-03-31T15:15:57","slug":"sant-jordi","status":"publish","type":"page","link":"http:\/\/www.amicsdelcamell.cat\/inici\/actes\/sant-jordi\/","title":{"rendered":"Sant Jordi"},"content":{"rendered":"\n<p>Durant tota la diada de Sant Jordi, els Amics del Camell muntem la parada al costat de la resta d\u2019entitats del poble, sempre acompanyats, evidentment, de la b\u00e8stia que els dona el nom i la ra\u00f3 de ser.\u00a0<\/p>\n\n\n\n<div class=\"wp-block-image\"><figure class=\"aligncenter\"><img loading=\"lazy\" width=\"840\" height=\"1120\" src=\"http:\/\/www.amicsdelcamell.cat\/wp-content\/uploads\/2016\/07\/SANTJORDI15-Gal\u00b7la-Ripoll-2.jpg\" alt=\"SANTJORDI'15---Gal\u00b7la-Ripoll-(2)\" class=\"wp-image-274\" srcset=\"http:\/\/www.amicsdelcamell.cat\/wp-content\/uploads\/2016\/07\/SANTJORDI15-Gal\u00b7la-Ripoll-2.jpg 840w, http:\/\/www.amicsdelcamell.cat\/wp-content\/uploads\/2016\/07\/SANTJORDI15-Gal\u00b7la-Ripoll-2-225x300.jpg 225w, http:\/\/www.amicsdelcamell.cat\/wp-content\/uploads\/2016\/07\/SANTJORDI15-Gal\u00b7la-Ripoll-2-768x1024.jpg 768w\" sizes=\"(max-width: 709px) 85vw, (max-width: 909px) 67vw, (max-width: 1362px) 62vw, 840px\" \/><figcaption>Sant Jordi 2016 &#8211; Imatge d&#8217;arxiu Amics del Camell<\/figcaption><\/figure><\/div>\n\n\n\n<p><em>La ubicaci\u00f3 de la b\u00e8stia durant la diada de Sant Jordi varia en funci\u00f3 de l&#8217;edici\u00f3, aix\u00ed que \u00e9s recomanable consultar les xarxes socials de l&#8217;entitat per saber on trobar el Camell.<\/em><\/p>\n\n\n\n<div style=\"clear: both; width: 100%; height: 20px;\">&nbsp;<\/div>\n\n\n\n<div class=\"wp-block-image\"><figure class=\"aligncenter\"><img loading=\"lazy\" width=\"1320\" height=\"53\" src=\"http:\/\/www.amicsdelcamell.cat\/wp-content\/uploads\/2016\/07\/traca2.png\" alt=\"traca2\" class=\"wp-image-307\" srcset=\"http:\/\/www.amicsdelcamell.cat\/wp-content\/uploads\/2016\/07\/traca2.png 1320w, http:\/\/www.amicsdelcamell.cat\/wp-content\/uploads\/2016\/07\/traca2-300x12.png 300w, http:\/\/www.amicsdelcamell.cat\/wp-content\/uploads\/2016\/07\/traca2-768x31.png 768w, http:\/\/www.amicsdelcamell.cat\/wp-content\/uploads\/2016\/07\/traca2-1024x41.png 1024w, http:\/\/www.amicsdelcamell.cat\/wp-content\/uploads\/2016\/07\/traca2-1200x48.png 1200w\" sizes=\"(max-width: 709px) 85vw, (max-width: 909px) 67vw, (max-width: 1362px) 62vw, 840px\" \/><\/figure><\/div>\n\n\n\n<p><\/p>\n","protected":false},"excerpt":{"rendered":"<p>Durant tota la diada de Sant Jordi, els Amics del Camell muntem la parada al costat de la resta d\u2019entitats del poble, sempre acompanyats, evidentment, de la b\u00e8stia que els dona el nom i la ra\u00f3 de ser.\u00a0 La ubicaci\u00f3 de la b\u00e8stia durant la diada de Sant Jordi varia en funci\u00f3 de l&#8217;edici\u00f3, aix\u00ed &hellip; <a href=\"http:\/\/www.amicsdelcamell.cat\/inici\/actes\/sant-jordi\/\" class=\"more-link\">Continua llegint <span class=\"screen-reader-text\">\u00abSant Jordi\u00bb<\/span><\/a><\/p>\n","protected":false},"author":1,"featured_media":0,"parent":16,"menu_order":4,"comment_status":"closed","ping_status":"closed","template":"","meta":[],"_links":{"self":[{"href":"http:\/\/www.amicsdelcamell.cat\/inici\/wp-json\/wp\/v2\/pages\/70"}],"collection":[{"href":"http:\/\/www.amicsdelcamell.cat\/inici\/wp-json\/wp\/v2\/pages"}],"about":[{"href":"http:\/\/www.amicsdelcamell.cat\/inici\/wp-json\/wp\/v2\/types\/page"}],"author":[{"embeddable":true,"href":"http:\/\/www.amicsdelcamell.cat\/inici\/wp-json\/wp\/v2\/users\/1"}],"replies":[{"embeddable":true,"href":"http:\/\/www.amicsdelcamell.cat\/inici\/wp-json\/wp\/v2\/comments?post=70"}],"version-history":[{"count":10,"href":"http:\/\/www.amicsdelcamell.cat\/inici\/wp-json\/wp\/v2\/pages\/70\/revisions"}],"predecessor-version":[{"id":1168,"href":"http:\/\/www.amicsdelcamell.cat\/inici\/wp-json\/wp\/v2\/pages\/70\/revisions\/1168"}],"up":[{"embeddable":true,"href":"http:\/\/www.amicsdelcamell.cat\/inici\/wp-json\/wp\/v2\/pages\/16"}],"wp:attachment":[{"href":"http:\/\/www.amicsdelcamell.cat\/inici\/wp-json\/wp\/v2\/media?parent=70"}],"curies":[{"name":"wp","href":"https:\/\/api.w.org\/{rel}","templated":true}]}}

<p>Durant tota la diada de Sant Jordi, els Amics del Camell muntem la parada al costat de la resta d’entitats del poble, sempre acompanyats, evidentment, de la bèstia que els dona el nom i la raó de ser. </p>



<div class="wp-block-image"><figure class="aligncenter"><img loading="lazy" width="840" height="1120" src="http://www.amicsdelcamell.cat/wp-content/uploads/2016/07/SANTJORDI15-Gal·la-Ripoll-2.jpg" alt="SANTJORDI'15---Gal·la-Ripoll-(2)" class="wp-image-274" srcset="http://www.amicsdelcamell.cat/wp-content/uploads/2016/07/SANTJORDI15-Gal·la-Ripoll-2.jpg 840w, http://www.amicsdelcamell.cat/wp-content/uploads/2016/07/SANTJORDI15-Gal·la-Ripoll-2-225x300.jpg 225w, http://www.amicsdelcamell.cat/wp-content/uploads/2016/07/SANTJORDI15-Gal·la-Ripoll-2-768x1024.jpg 768w" sizes="(max-width: 709px) 85vw, (max-width: 909px) 67vw, (max-width: 1362px) 62vw, 840px" /><figcaption>Sant Jordi 2016 &#8211; Imatge d&#8217;arxiu Amics del Camell</figcaption></figure></div>



<p><em>La ubicació de la bèstia durant la diada de Sant Jordi varia en funció de l&#8217;edició, així que és recomanable consultar les xarxes socials de l&#8217;entitat per saber on trobar el Camell.</em></p>



<div style="clear: both; width: 100%; height: 20px;">&nbsp;</div>



<div class="wp-block-image"><figure class="aligncenter"><img loading="lazy" width="1320" height="53" src="http://www.amicsdelcamell.cat/wp-content/uploads/2016/07/traca2.png" alt="traca2" class="wp-image-307" srcset="http://www.amicsdelcamell.cat/wp-content/uploads/2016/07/traca2.png 1320w, http://www.amicsdelcamell.cat/wp-content/uploads/2016/07/traca2-300x12.png 300w, http://www.amicsdelcamell.cat/wp-content/uploads/2016/07/traca2-768x31.png 768w, http://www.amicsdelcamell.cat/wp-content/uploads/2016/07/traca2-1024x41.png 1024w, http://www.amicsdelcamell.cat/wp-content/uploads/2016/07/traca2-1200x48.png 1200w" sizes="(max-width: 709px) 85vw, (max-width: 909px) 67vw, (max-width: 1362px) 62vw, 840px" /></figure></div>



<p></p>

<p>Durant tota la diada de Sant Jordi, els Amics del Camell muntem la parada al costat de la resta d’entitats del poble, sempre acompanyats, evidentment, de la bèstia que els dona el nom i la raó de ser.  La ubicació de la bèstia durant la diada de Sant Jordi varia en funció de l&#8217;edició, així &hellip; <a href="http://www.amicsdelcamell.cat/inici/actes/sant-jordi/" class="more-link">Continua llegint <span class="screen-reader-text">«Sant Jordi»</span></a></p>
