{"id":665,"date":"2021-11-14T17:56:22","date_gmt":"2021-11-14T17:56:22","guid":{"rendered":"http:\/\/www.amicsdelcamell.cat\/?page_id=665"},"modified":"2025-02-22T17:51:40","modified_gmt":"2025-02-22T17:51:40","slug":"vols-formar-part-del-petit-camell","status":"publish","type":"page","link":"http:\/\/www.amicsdelcamell.cat\/inici\/petitcamell\/vols-formar-part-del-petit-camell\/","title":{"rendered":"Vols formar part del Petit Camell?"},"content":{"rendered":"\n<p>Si vols formar part de la secci\u00f3 dels Petits Amics del Camell, apunta\u2019t a la llista d\u2019espera i comptarem amb tu quan sorgeixin noves places!<\/p>\n\n\n\n<div class=\"wp-block-buttons is-content-justification-center\">\n<div class=\"wp-block-button\"><a class=\"wp-block-button__link has-background\" href=\"https:\/\/goo.gl\/forms\/dVYwyaqHIHG6t2Tt2\" style=\"background-color:#ff8000\" target=\"_blank\" rel=\"noreferrer noopener\">inscriure&#8217;s a la llista d&#8217;espera<\/a><\/div>\n<\/div>\n\n\n\n<h2>IMPORTANT! Abans d&#8217;apuntar-te has de saber que&#8230; <\/h2>\n\n\n\n<ul><li><strong>Si tens m\u00e9s de 13 anys<\/strong>, quedar\u00e0s autom\u00e0ticament fora de la llista d&#8217;espera. <\/li><li><strong>Les incorporacions<\/strong> es faran segons les necessitats de l&#8217;entitat, tenint en compte l&#8217;edat en el moment de la convocat\u00f2ria i l&#8217;ordre d&#8217;inscripci\u00f3. <\/li><li><strong>Tindr\u00e0n prefer\u00e8ncia:<\/strong><ul><li>Nens i nenes residents a Molins de Rei. <\/li><li>Germans\/es de membres actuals de la secci\u00f3. <\/li><li>Fills\/es de camellaires actius. <\/li><\/ul><\/li><\/ul>\n\n\n\n<p>\u26a0\ufe0f <strong>Aquest formulari nom\u00e9s serveix per inscriure\u2019t a la llista d\u2019espera.<\/strong> No implica la incorporaci\u00f3 directa, sin\u00f3 que et suma a la borsa de candidats.<\/p>\n\n\n\n<p>En completar el formulari, <strong>acceptes aquestes condicions.<\/strong><\/p>\n","protected":false},"excerpt":{"rendered":"<p>Si vols formar part de la secci\u00f3 dels Petits Amics del Camell, apunta\u2019t a la llista d\u2019espera i comptarem amb tu quan sorgeixin noves places! IMPORTANT! Abans d&#8217;apuntar-te has de saber que&#8230; Si tens m\u00e9s de 13 anys, quedar\u00e0s autom\u00e0ticament fora de la llista d&#8217;espera. Les incorporacions es faran segons les necessitats de l&#8217;entitat, tenint &hellip; <a href=\"http:\/\/www.amicsdelcamell.cat\/inici\/petitcamell\/vols-formar-part-del-petit-camell\/\" class=\"more-link\">Continua llegint <span class=\"screen-reader-text\">\u00abVols formar part del Petit Camell?\u00bb<\/span><\/a><\/p>\n","protected":false},"author":2,"featured_media":0,"parent":28,"menu_order":0,"comment_status":"closed","ping_status":"closed","template":"","meta":[],"_links":{"self":[{"href":"http:\/\/www.amicsdelcamell.cat\/inici\/wp-json\/wp\/v2\/pages\/665"}],"collection":[{"href":"http:\/\/www.amicsdelcamell.cat\/inici\/wp-json\/wp\/v2\/pages"}],"about":[{"href":"http:\/\/www.amicsdelcamell.cat\/inici\/wp-json\/wp\/v2\/types\/page"}],"author":[{"embeddable":true,"href":"http:\/\/www.amicsdelcamell.cat\/inici\/wp-json\/wp\/v2\/users\/2"}],"replies":[{"embeddable":true,"href":"http:\/\/www.amicsdelcamell.cat\/inici\/wp-json\/wp\/v2\/comments?post=665"}],"version-history":[{"count":5,"href":"http:\/\/www.amicsdelcamell.cat\/inici\/wp-json\/wp\/v2\/pages\/665\/revisions"}],"predecessor-version":[{"id":1314,"href":"http:\/\/www.amicsdelcamell.cat\/inici\/wp-json\/wp\/v2\/pages\/665\/revisions\/1314"}],"up":[{"embeddable":true,"href":"http:\/\/www.amicsdelcamell.cat\/inici\/wp-json\/wp\/v2\/pages\/28"}],"wp:attachment":[{"href":"http:\/\/www.amicsdelcamell.cat\/inici\/wp-json\/wp\/v2\/media?parent=665"}],"curies":[{"name":"wp","href":"https:\/\/api.w.org\/{rel}","templated":true}]}}

<p>Si vols formar part de la secció dels Petits Amics del Camell, apunta’t a la llista d’espera i comptarem amb tu quan sorgeixin noves places!</p>



<div class="wp-block-buttons is-content-justification-center">
<div class="wp-block-button"><a class="wp-block-button__link has-background" href="https://goo.gl/forms/dVYwyaqHIHG6t2Tt2" style="background-color:#ff8000" target="_blank" rel="noreferrer noopener">inscriure&#8217;s a la llista d&#8217;espera</a></div>
</div>



<h2>IMPORTANT! Abans d&#8217;apuntar-te has de saber que&#8230; </h2>



<ul><li><strong>Si tens més de 13 anys</strong>, quedaràs automàticament fora de la llista d&#8217;espera. </li><li><strong>Les incorporacions</strong> es faran segons les necessitats de l&#8217;entitat, tenint en compte l&#8217;edat en el moment de la convocatòria i l&#8217;ordre d&#8217;inscripció. </li><li><strong>Tindràn preferència:</strong><ul><li>Nens i nenes residents a Molins de Rei. </li><li>Germans/es de membres actuals de la secció. </li><li>Fills/es de camellaires actius. </li></ul></li></ul>



<p>⚠️ <strong>Aquest formulari només serveix per inscriure’t a la llista d’espera.</strong> No implica la incorporació directa, sinó que et suma a la borsa de candidats.</p>



<p>En completar el formulari, <strong>acceptes aquestes condicions.</strong></p>

<p>Si vols formar part de la secció dels Petits Amics del Camell, apunta’t a la llista d’espera i comptarem amb tu quan sorgeixin noves places! IMPORTANT! Abans d&#8217;apuntar-te has de saber que&#8230; Si tens més de 13 anys, quedaràs automàticament fora de la llista d&#8217;espera. Les incorporacions es faran segons les necessitats de l&#8217;entitat, tenint &hellip; <a href="http://www.amicsdelcamell.cat/inici/petitcamell/vols-formar-part-del-petit-camell/" class="more-link">Continua llegint <span class="screen-reader-text">«Vols formar part del Petit Camell?»</span></a></p>
