{"id":635,"date":"2021-11-14T16:00:17","date_gmt":"2021-11-14T16:00:17","guid":{"rendered":"http:\/\/www.amicsdelcamell.cat\/?page_id=635"},"modified":"2025-02-21T09:42:10","modified_gmt":"2025-02-21T09:42:10","slug":"balldelcamell","status":"publish","type":"page","link":"http:\/\/www.amicsdelcamell.cat\/inici\/balldelcamell\/","title":{"rendered":"El Ball del Camell"},"content":{"rendered":"\n<div class=\"wp-block-media-text alignwide is-stacked-on-mobile\"><figure class=\"wp-block-media-text__media\"><img loading=\"lazy\" width=\"1024\" height=\"683\" src=\"http:\/\/www.amicsdelcamell.cat\/wp-content\/uploads\/2025\/02\/Hctrphoto-8921-1024x683.jpg\" alt=\"\" class=\"wp-image-1269 size-full\" srcset=\"http:\/\/www.amicsdelcamell.cat\/wp-content\/uploads\/2025\/02\/Hctrphoto-8921-1024x683.jpg 1024w, http:\/\/www.amicsdelcamell.cat\/wp-content\/uploads\/2025\/02\/Hctrphoto-8921-300x200.jpg 300w, http:\/\/www.amicsdelcamell.cat\/wp-content\/uploads\/2025\/02\/Hctrphoto-8921-768x512.jpg 768w, http:\/\/www.amicsdelcamell.cat\/wp-content\/uploads\/2025\/02\/Hctrphoto-8921-1536x1024.jpg 1536w, http:\/\/www.amicsdelcamell.cat\/wp-content\/uploads\/2025\/02\/Hctrphoto-8921-2048x1365.jpg 2048w, http:\/\/www.amicsdelcamell.cat\/wp-content\/uploads\/2025\/02\/Hctrphoto-8921-1200x800.jpg 1200w\" sizes=\"(max-width: 709px) 85vw, (max-width: 909px) 67vw, (max-width: 1362px) 62vw, 840px\" \/><\/figure><div class=\"wp-block-media-text__content\">\n<p>El<strong> Ball del Camell<\/strong> \u00e9s un espectacle \u00fanic i genu\u00efnament molinenc, un tresor immaterial de la nostra vila que no trobareu en cap altre lloc del m\u00f3n. <\/p>\n<\/div><\/div>\n\n\n\n<p>Aquesta tradici\u00f3 \u00e9s una reinterpretaci\u00f3 moderna d\u2019una <strong>festa molinenca documentada al Carnaval del segle XVIII<\/strong>. Despr\u00e9s de quatre d\u00e8cades de prohibici\u00f3, es va recuperar l\u2019any <strong>1982<\/strong>, coincidint amb la represa del Camell l\u2019any anterior.<\/p>\n\n\n\n<p>El <strong><a href=\"http:\/\/www.amicsdelcamell.cat\/inici\/correcuites\/carnaval\/\" data-type=\"page\" data-id=\"79\">Carnaval<\/a><\/strong> \u00e9s, sens dubte, la sortida m\u00e9s emblem\u00e0tica del Camell, ja que marca els seus <strong><a href=\"http:\/\/www.amicsdelcamell.cat\/inici\/labestia\/origens\/\" data-type=\"page\" data-id=\"54\">or\u00edgens<\/a><\/strong>. I quan arriba aquesta festa, tot agafa una altra dimensi\u00f3.<\/p>\n\n\n\n<figure class=\"wp-block-image size-large\"><img loading=\"lazy\" width=\"1024\" height=\"683\" src=\"http:\/\/www.amicsdelcamell.cat\/wp-content\/uploads\/2025\/02\/Hctrphoto-9110-1024x683.jpg\" alt=\"\" class=\"wp-image-1271\" srcset=\"http:\/\/www.amicsdelcamell.cat\/wp-content\/uploads\/2025\/02\/Hctrphoto-9110-1024x683.jpg 1024w, http:\/\/www.amicsdelcamell.cat\/wp-content\/uploads\/2025\/02\/Hctrphoto-9110-300x200.jpg 300w, http:\/\/www.amicsdelcamell.cat\/wp-content\/uploads\/2025\/02\/Hctrphoto-9110-768x512.jpg 768w, http:\/\/www.amicsdelcamell.cat\/wp-content\/uploads\/2025\/02\/Hctrphoto-9110-1536x1024.jpg 1536w, http:\/\/www.amicsdelcamell.cat\/wp-content\/uploads\/2025\/02\/Hctrphoto-9110-2048x1365.jpg 2048w, http:\/\/www.amicsdelcamell.cat\/wp-content\/uploads\/2025\/02\/Hctrphoto-9110-1200x800.jpg 1200w\" sizes=\"(max-width: 709px) 85vw, (max-width: 909px) 67vw, (max-width: 1362px) 62vw, 840px\" \/><figcaption>Ball del Camell Carnaval 2024 &#8211; Imatge H\u00e9ctor Hern\u00e1ndez<\/figcaption><\/figure>\n\n\n\n<p>Abans de l\u2019inici de l\u2019Empaitaculs, es representa la llegenda del Camell mitjan\u00e7ant el <strong>Ball del Camell<\/strong>, dividit en <strong><a href=\"http:\/\/www.amicsdelcamell.cat\/inici\/balldelcamell\/partsdelballdelcamell\/\" data-type=\"page\" data-id=\"859\">tres parts ben diferenciades<\/a><\/strong>: el <em>Ball de M\u00e0scares<\/em>, el <em>Ball del Poble o dels Esparriots<\/em> i el <em>Ball de la B\u00e8stia<\/em>.<\/p>\n\n\n\n<figure class=\"wp-block-embed is-type-video is-provider-youtube wp-block-embed-youtube wp-embed-aspect-16-9 wp-has-aspect-ratio\"><div class=\"wp-block-embed__wrapper\">\n<iframe loading=\"lazy\" title=\"Ball del Camell - Carnaval 2023\" width=\"840\" height=\"473\" src=\"https:\/\/www.youtube.com\/embed\/sZkq-XTioBc?feature=oembed\" frameborder=\"0\" allow=\"accelerometer; autoplay; clipboard-write; encrypted-media; gyroscope; picture-in-picture; web-share\" referrerpolicy=\"strict-origin-when-cross-origin\" allowfullscreen><\/iframe>\n<\/div><figcaption>El Ball del Camell \u00b7 Carnaval 2023 \u00b7 V\u00eddeo de Pol Sed\u00f3<\/figcaption><\/figure>\n\n\n\n<p>La <strong><a href=\"http:\/\/www.amicsdelcamell.cat\/inici\/balldelcamell\/musica\/\" data-type=\"page\" data-id=\"864\">m\u00fasica<\/a><\/strong> \u00e9s l\u2019\u00e0nima del Ball. Davant la manca de refer\u00e8ncies antigues, es va encarregar a <strong>Juli\u00e0 Canals<\/strong> la creaci\u00f3 d\u2019una nova partitura inspirada en les sonoritats del segle XIX, pe\u00e7a clau en la recuperaci\u00f3 de la tradici\u00f3 l\u2019any 1982.<\/p>\n","protected":false},"excerpt":{"rendered":"<p>El Ball del Camell \u00e9s un espectacle \u00fanic i genu\u00efnament molinenc, un tresor immaterial de la nostra vila que no trobareu en cap altre lloc del m\u00f3n. Aquesta tradici\u00f3 \u00e9s una reinterpretaci\u00f3 moderna d\u2019una festa molinenca documentada al Carnaval del segle XVIII. Despr\u00e9s de quatre d\u00e8cades de prohibici\u00f3, es va recuperar l\u2019any 1982, coincidint amb &hellip; <a href=\"http:\/\/www.amicsdelcamell.cat\/inici\/balldelcamell\/\" class=\"more-link\">Continua llegint <span class=\"screen-reader-text\">\u00abEl Ball del Camell\u00bb<\/span><\/a><\/p>\n","protected":false},"author":2,"featured_media":0,"parent":0,"menu_order":0,"comment_status":"closed","ping_status":"closed","template":"","meta":[],"_links":{"self":[{"href":"http:\/\/www.amicsdelcamell.cat\/inici\/wp-json\/wp\/v2\/pages\/635"}],"collection":[{"href":"http:\/\/www.amicsdelcamell.cat\/inici\/wp-json\/wp\/v2\/pages"}],"about":[{"href":"http:\/\/www.amicsdelcamell.cat\/inici\/wp-json\/wp\/v2\/types\/page"}],"author":[{"embeddable":true,"href":"http:\/\/www.amicsdelcamell.cat\/inici\/wp-json\/wp\/v2\/users\/2"}],"replies":[{"embeddable":true,"href":"http:\/\/www.amicsdelcamell.cat\/inici\/wp-json\/wp\/v2\/comments?post=635"}],"version-history":[{"count":21,"href":"http:\/\/www.amicsdelcamell.cat\/inici\/wp-json\/wp\/v2\/pages\/635\/revisions"}],"predecessor-version":[{"id":1272,"href":"http:\/\/www.amicsdelcamell.cat\/inici\/wp-json\/wp\/v2\/pages\/635\/revisions\/1272"}],"wp:attachment":[{"href":"http:\/\/www.amicsdelcamell.cat\/inici\/wp-json\/wp\/v2\/media?parent=635"}],"curies":[{"name":"wp","href":"https:\/\/api.w.org\/{rel}","templated":true}]}}

<div class="wp-block-media-text alignwide is-stacked-on-mobile"><figure class="wp-block-media-text__media"><img loading="lazy" width="1024" height="683" src="http://www.amicsdelcamell.cat/wp-content/uploads/2025/02/Hctrphoto-8921-1024x683.jpg" alt="" class="wp-image-1269 size-full" srcset="http://www.amicsdelcamell.cat/wp-content/uploads/2025/02/Hctrphoto-8921-1024x683.jpg 1024w, http://www.amicsdelcamell.cat/wp-content/uploads/2025/02/Hctrphoto-8921-300x200.jpg 300w, http://www.amicsdelcamell.cat/wp-content/uploads/2025/02/Hctrphoto-8921-768x512.jpg 768w, http://www.amicsdelcamell.cat/wp-content/uploads/2025/02/Hctrphoto-8921-1536x1024.jpg 1536w, http://www.amicsdelcamell.cat/wp-content/uploads/2025/02/Hctrphoto-8921-2048x1365.jpg 2048w, http://www.amicsdelcamell.cat/wp-content/uploads/2025/02/Hctrphoto-8921-1200x800.jpg 1200w" sizes="(max-width: 709px) 85vw, (max-width: 909px) 67vw, (max-width: 1362px) 62vw, 840px" /></figure><div class="wp-block-media-text__content">
<p>El<strong> Ball del Camell</strong> és un espectacle únic i genuïnament molinenc, un tresor immaterial de la nostra vila que no trobareu en cap altre lloc del món. </p>
</div></div>



<p>Aquesta tradició és una reinterpretació moderna d’una <strong>festa molinenca documentada al Carnaval del segle XVIII</strong>. Després de quatre dècades de prohibició, es va recuperar l’any <strong>1982</strong>, coincidint amb la represa del Camell l’any anterior.</p>



<p>El <strong><a href="http://www.amicsdelcamell.cat/inici/correcuites/carnaval/" data-type="page" data-id="79">Carnaval</a></strong> és, sens dubte, la sortida més emblemàtica del Camell, ja que marca els seus <strong><a href="http://www.amicsdelcamell.cat/inici/labestia/origens/" data-type="page" data-id="54">orígens</a></strong>. I quan arriba aquesta festa, tot agafa una altra dimensió.</p>



<figure class="wp-block-image size-large"><img loading="lazy" width="1024" height="683" src="http://www.amicsdelcamell.cat/wp-content/uploads/2025/02/Hctrphoto-9110-1024x683.jpg" alt="" class="wp-image-1271" srcset="http://www.amicsdelcamell.cat/wp-content/uploads/2025/02/Hctrphoto-9110-1024x683.jpg 1024w, http://www.amicsdelcamell.cat/wp-content/uploads/2025/02/Hctrphoto-9110-300x200.jpg 300w, http://www.amicsdelcamell.cat/wp-content/uploads/2025/02/Hctrphoto-9110-768x512.jpg 768w, http://www.amicsdelcamell.cat/wp-content/uploads/2025/02/Hctrphoto-9110-1536x1024.jpg 1536w, http://www.amicsdelcamell.cat/wp-content/uploads/2025/02/Hctrphoto-9110-2048x1365.jpg 2048w, http://www.amicsdelcamell.cat/wp-content/uploads/2025/02/Hctrphoto-9110-1200x800.jpg 1200w" sizes="(max-width: 709px) 85vw, (max-width: 909px) 67vw, (max-width: 1362px) 62vw, 840px" /><figcaption>Ball del Camell Carnaval 2024 &#8211; Imatge Héctor Hernández</figcaption></figure>



<p>Abans de l’inici de l’Empaitaculs, es representa la llegenda del Camell mitjançant el <strong>Ball del Camell</strong>, dividit en <strong><a href="http://www.amicsdelcamell.cat/inici/balldelcamell/partsdelballdelcamell/" data-type="page" data-id="859">tres parts ben diferenciades</a></strong>: el <em>Ball de Màscares</em>, el <em>Ball del Poble o dels Esparriots</em> i el <em>Ball de la Bèstia</em>.</p>



<figure class="wp-block-embed is-type-video is-provider-youtube wp-block-embed-youtube wp-embed-aspect-16-9 wp-has-aspect-ratio"><div class="wp-block-embed__wrapper">
<iframe loading="lazy" title="Ball del Camell - Carnaval 2023" width="840" height="473" src="https://www.youtube.com/embed/sZkq-XTioBc?feature=oembed" frameborder="0" allow="accelerometer; autoplay; clipboard-write; encrypted-media; gyroscope; picture-in-picture; web-share" referrerpolicy="strict-origin-when-cross-origin" allowfullscreen></iframe>
</div><figcaption>El Ball del Camell · Carnaval 2023 · Vídeo de Pol Sedó</figcaption></figure>



<p>La <strong><a href="http://www.amicsdelcamell.cat/inici/balldelcamell/musica/" data-type="page" data-id="864">música</a></strong> és l’ànima del Ball. Davant la manca de referències antigues, es va encarregar a <strong>Julià Canals</strong> la creació d’una nova partitura inspirada en les sonoritats del segle XIX, peça clau en la recuperació de la tradició l’any 1982.</p>

<p>El Ball del Camell és un espectacle únic i genuïnament molinenc, un tresor immaterial de la nostra vila que no trobareu en cap altre lloc del món. Aquesta tradició és una reinterpretació moderna d’una festa molinenca documentada al Carnaval del segle XVIII. Després de quatre dècades de prohibició, es va recuperar l’any 1982, coincidint amb &hellip; <a href="http://www.amicsdelcamell.cat/inici/balldelcamell/" class="more-link">Continua llegint <span class="screen-reader-text">«El Ball del Camell»</span></a></p>
