{"id":62,"date":"2016-07-29T16:12:32","date_gmt":"2016-07-29T16:12:32","guid":{"rendered":"http:\/\/www.amicsdelcamell.cat\/?page_id=62"},"modified":"2025-02-21T16:17:19","modified_gmt":"2025-02-21T16:17:19","slug":"caracteristiques","status":"publish","type":"page","link":"http:\/\/www.amicsdelcamell.cat\/inici\/labestia\/caracteristiques\/","title":{"rendered":"Caracter\u00edstiques de la b\u00e8stia"},"content":{"rendered":"\n<div class=\"wp-block-image\"><figure class=\"alignleft size-large is-resized\"><img loading=\"lazy\" src=\"http:\/\/www.amicsdelcamell.cat\/wp-content\/uploads\/2021\/11\/1-cap-1.jpg\" alt=\"\" class=\"wp-image-543\" width=\"151\" height=\"265\"\/><figcaption>Arxiu Amics del Camell<\/figcaption><\/figure><\/div>\n\n\n\n<p>El <strong>Camell<\/strong> \u00e9s una <strong>b\u00e8stia de foc<\/strong> de grans dimensions que recorre els carrers de la Vila empaitant els culs m\u00e9s agosarats que s\u2019atreveixen a posar-se davant seu.<\/p>\n\n\n\n<p>Amb una fesomia <strong>fant\u00e0stica i zoom\u00f2rfica<\/strong>, el Camell forma part de la tradici\u00f3 molinenca de Carnaval des del segle XVIII. Recuperat l\u2019any <strong>1981<\/strong>, en plena reivindicaci\u00f3 postfranquista del carrer com a espai l\u00fadic i de la cultura tradicional catalana, el Camell es va convertir en s\u00edmbol d\u2019identitat i rebel\u00b7lia festiva.<\/p>\n\n\n\n<p>El seu cap recorda un <strong>matxo<\/strong> o una <strong>mula<\/strong>, amb uns ulls grans que evoquen dues taronges. El cos reprodueix el carro original sobre el qual s\u2019hi col\u00b7locava el cap de matxo per construir l\u2019andr\u00f2mina que, en els seus or\u00edgens, ja feia c\u00f3rrer la gent pels carrers.<\/p>\n\n\n\n<p>El cos del Camell est\u00e0 cobert per una <strong>roba de cot\u00f3<\/strong> de color marr\u00f3 argila i una <strong>manta de quadres<\/strong> amb l\u2019<strong>escut de la Vila<\/strong>, donant-li aquest aspecte tan singular i reconeixible.<\/p>\n\n\n\n<figure class=\"wp-block-gallery columns-2 is-cropped\"><ul class=\"blocks-gallery-grid\"><li class=\"blocks-gallery-item\"><figure><img loading=\"lazy\" width=\"1024\" height=\"731\" src=\"http:\/\/www.amicsdelcamell.cat\/wp-content\/uploads\/2021\/11\/1-cos-1024x731.jpg\" alt=\"\" data-id=\"540\" data-full-url=\"http:\/\/www.amicsdelcamell.cat\/wp-content\/uploads\/2021\/11\/1-cos.jpg\" data-link=\"http:\/\/www.amicsdelcamell.cat\/la-bestia\/caracteristiques\/1-cos\/\" class=\"wp-image-540\" srcset=\"http:\/\/www.amicsdelcamell.cat\/wp-content\/uploads\/2021\/11\/1-cos-1024x731.jpg 1024w, http:\/\/www.amicsdelcamell.cat\/wp-content\/uploads\/2021\/11\/1-cos-300x214.jpg 300w, http:\/\/www.amicsdelcamell.cat\/wp-content\/uploads\/2021\/11\/1-cos-768x548.jpg 768w, http:\/\/www.amicsdelcamell.cat\/wp-content\/uploads\/2021\/11\/1-cos-1200x857.jpg 1200w, http:\/\/www.amicsdelcamell.cat\/wp-content\/uploads\/2021\/11\/1-cos.jpg 1525w\" sizes=\"(max-width: 709px) 85vw, (max-width: 909px) 67vw, (max-width: 1362px) 62vw, 840px\" \/><\/figure><\/li><li class=\"blocks-gallery-item\"><figure><img loading=\"lazy\" width=\"1024\" height=\"618\" src=\"http:\/\/www.amicsdelcamell.cat\/wp-content\/uploads\/2021\/11\/2-coll-1-1024x618.jpg\" alt=\"\" data-id=\"542\" data-full-url=\"http:\/\/www.amicsdelcamell.cat\/wp-content\/uploads\/2021\/11\/2-coll-1.jpg\" data-link=\"http:\/\/www.amicsdelcamell.cat\/la-bestia\/caracteristiques\/2-coll-1\/\" class=\"wp-image-542\" srcset=\"http:\/\/www.amicsdelcamell.cat\/wp-content\/uploads\/2021\/11\/2-coll-1-1024x618.jpg 1024w, http:\/\/www.amicsdelcamell.cat\/wp-content\/uploads\/2021\/11\/2-coll-1-300x181.jpg 300w, http:\/\/www.amicsdelcamell.cat\/wp-content\/uploads\/2021\/11\/2-coll-1-768x463.jpg 768w, http:\/\/www.amicsdelcamell.cat\/wp-content\/uploads\/2021\/11\/2-coll-1.jpg 1048w\" sizes=\"(max-width: 709px) 85vw, (max-width: 909px) 67vw, (max-width: 1362px) 62vw, 840px\" \/><\/figure><\/li><\/ul><figcaption class=\"blocks-gallery-caption\">Croquis del Camell per a la seva construcci\u00f3 &#8211; Imatges d&#8217;arxiu Amics del Camell <\/figcaption><\/figure>\n\n\n\n<p><\/p>\n\n\n\n<h2>MIDES I PESOS aproximats de la b\u00e8stia<\/h2>\n\n\n\n<ul><li><strong>Llargada<\/strong>: 6,75\u202fm<\/li><li><strong>Amplada<\/strong>: 2\u202fm<\/li><li><strong>Al\u00e7ada<\/strong>: 5,30\u202fm<\/li><li><strong>Pesos Parcials: <\/strong><ul><li><strong>Carcassa<\/strong>: 121\u202fkg<\/li><li><strong>Roba<\/strong>: 38\u202fkg<\/li><li><strong>Cap<\/strong>: 29\u202fkg <\/li><\/ul><\/li><li><strong>Pes Total:<\/strong> 188\u202fkg<\/li><\/ul>\n\n\n\n<div style=\"clear: both; width: 100%; height: 20px;\">&nbsp;<\/div>\n\n\n\n<div class=\"wp-block-image\"><figure class=\"aligncenter\"><img loading=\"lazy\" width=\"1320\" height=\"53\" src=\"http:\/\/www.amicsdelcamell.cat\/wp-content\/uploads\/2016\/07\/traca2.png\" alt=\"traca2\" class=\"wp-image-307\" srcset=\"http:\/\/www.amicsdelcamell.cat\/wp-content\/uploads\/2016\/07\/traca2.png 1320w, http:\/\/www.amicsdelcamell.cat\/wp-content\/uploads\/2016\/07\/traca2-300x12.png 300w, http:\/\/www.amicsdelcamell.cat\/wp-content\/uploads\/2016\/07\/traca2-768x31.png 768w, http:\/\/www.amicsdelcamell.cat\/wp-content\/uploads\/2016\/07\/traca2-1024x41.png 1024w, http:\/\/www.amicsdelcamell.cat\/wp-content\/uploads\/2016\/07\/traca2-1200x48.png 1200w\" sizes=\"(max-width: 709px) 85vw, (max-width: 909px) 67vw, (max-width: 1362px) 62vw, 840px\" \/><\/figure><\/div>\n\n\n\n<p><\/p>\n","protected":false},"excerpt":{"rendered":"<p>El Camell \u00e9s una b\u00e8stia de foc de grans dimensions que recorre els carrers de la Vila empaitant els culs m\u00e9s agosarats que s\u2019atreveixen a posar-se davant seu. Amb una fesomia fant\u00e0stica i zoom\u00f2rfica, el Camell forma part de la tradici\u00f3 molinenca de Carnaval des del segle XVIII. Recuperat l\u2019any 1981, en plena reivindicaci\u00f3 postfranquista &hellip; <a href=\"http:\/\/www.amicsdelcamell.cat\/inici\/labestia\/caracteristiques\/\" class=\"more-link\">Continua llegint <span class=\"screen-reader-text\">\u00abCaracter\u00edstiques de la b\u00e8stia\u00bb<\/span><\/a><\/p>\n","protected":false},"author":1,"featured_media":0,"parent":14,"menu_order":5,"comment_status":"closed","ping_status":"closed","template":"","meta":[],"_links":{"self":[{"href":"http:\/\/www.amicsdelcamell.cat\/inici\/wp-json\/wp\/v2\/pages\/62"}],"collection":[{"href":"http:\/\/www.amicsdelcamell.cat\/inici\/wp-json\/wp\/v2\/pages"}],"about":[{"href":"http:\/\/www.amicsdelcamell.cat\/inici\/wp-json\/wp\/v2\/types\/page"}],"author":[{"embeddable":true,"href":"http:\/\/www.amicsdelcamell.cat\/inici\/wp-json\/wp\/v2\/users\/1"}],"replies":[{"embeddable":true,"href":"http:\/\/www.amicsdelcamell.cat\/inici\/wp-json\/wp\/v2\/comments?post=62"}],"version-history":[{"count":18,"href":"http:\/\/www.amicsdelcamell.cat\/inici\/wp-json\/wp\/v2\/pages\/62\/revisions"}],"predecessor-version":[{"id":1292,"href":"http:\/\/www.amicsdelcamell.cat\/inici\/wp-json\/wp\/v2\/pages\/62\/revisions\/1292"}],"up":[{"embeddable":true,"href":"http:\/\/www.amicsdelcamell.cat\/inici\/wp-json\/wp\/v2\/pages\/14"}],"wp:attachment":[{"href":"http:\/\/www.amicsdelcamell.cat\/inici\/wp-json\/wp\/v2\/media?parent=62"}],"curies":[{"name":"wp","href":"https:\/\/api.w.org\/{rel}","templated":true}]}}

Característiques de la bèstia

<div class="wp-block-image"><figure class="alignleft size-large is-resized"><img loading="lazy" src="http://www.amicsdelcamell.cat/wp-content/uploads/2021/11/1-cap-1.jpg" alt="" class="wp-image-543" width="151" height="265"/><figcaption>Arxiu Amics del Camell</figcaption></figure></div>



<p>El <strong>Camell</strong> és una <strong>bèstia de foc</strong> de grans dimensions que recorre els carrers de la Vila empaitant els culs més agosarats que s’atreveixen a posar-se davant seu.</p>



<p>Amb una fesomia <strong>fantàstica i zoomòrfica</strong>, el Camell forma part de la tradició molinenca de Carnaval des del segle XVIII. Recuperat l’any <strong>1981</strong>, en plena reivindicació postfranquista del carrer com a espai lúdic i de la cultura tradicional catalana, el Camell es va convertir en símbol d’identitat i rebel·lia festiva.</p>



<p>El seu cap recorda un <strong>matxo</strong> o una <strong>mula</strong>, amb uns ulls grans que evoquen dues taronges. El cos reprodueix el carro original sobre el qual s’hi col·locava el cap de matxo per construir l’andròmina que, en els seus orígens, ja feia córrer la gent pels carrers.</p>



<p>El cos del Camell està cobert per una <strong>roba de cotó</strong> de color marró argila i una <strong>manta de quadres</strong> amb l’<strong>escut de la Vila</strong>, donant-li aquest aspecte tan singular i reconeixible.</p>



<figure class="wp-block-gallery columns-2 is-cropped"><ul class="blocks-gallery-grid"><li class="blocks-gallery-item"><figure><img loading="lazy" width="1024" height="731" src="http://www.amicsdelcamell.cat/wp-content/uploads/2021/11/1-cos-1024x731.jpg" alt="" data-id="540" data-full-url="http://www.amicsdelcamell.cat/wp-content/uploads/2021/11/1-cos.jpg" data-link="http://www.amicsdelcamell.cat/la-bestia/caracteristiques/1-cos/" class="wp-image-540" srcset="http://www.amicsdelcamell.cat/wp-content/uploads/2021/11/1-cos-1024x731.jpg 1024w, http://www.amicsdelcamell.cat/wp-content/uploads/2021/11/1-cos-300x214.jpg 300w, http://www.amicsdelcamell.cat/wp-content/uploads/2021/11/1-cos-768x548.jpg 768w, http://www.amicsdelcamell.cat/wp-content/uploads/2021/11/1-cos-1200x857.jpg 1200w, http://www.amicsdelcamell.cat/wp-content/uploads/2021/11/1-cos.jpg 1525w" sizes="(max-width: 709px) 85vw, (max-width: 909px) 67vw, (max-width: 1362px) 62vw, 840px" /></figure></li><li class="blocks-gallery-item"><figure><img loading="lazy" width="1024" height="618" src="http://www.amicsdelcamell.cat/wp-content/uploads/2021/11/2-coll-1-1024x618.jpg" alt="" data-id="542" data-full-url="http://www.amicsdelcamell.cat/wp-content/uploads/2021/11/2-coll-1.jpg" data-link="http://www.amicsdelcamell.cat/la-bestia/caracteristiques/2-coll-1/" class="wp-image-542" srcset="http://www.amicsdelcamell.cat/wp-content/uploads/2021/11/2-coll-1-1024x618.jpg 1024w, http://www.amicsdelcamell.cat/wp-content/uploads/2021/11/2-coll-1-300x181.jpg 300w, http://www.amicsdelcamell.cat/wp-content/uploads/2021/11/2-coll-1-768x463.jpg 768w, http://www.amicsdelcamell.cat/wp-content/uploads/2021/11/2-coll-1.jpg 1048w" sizes="(max-width: 709px) 85vw, (max-width: 909px) 67vw, (max-width: 1362px) 62vw, 840px" /></figure></li></ul><figcaption class="blocks-gallery-caption">Croquis del Camell per a la seva construcció &#8211; Imatges d&#8217;arxiu Amics del Camell </figcaption></figure>



<p></p>



<h2>MIDES I PESOS aproximats de la bèstia</h2>



<ul><li><strong>Llargada</strong>: 6,75 m</li><li><strong>Amplada</strong>: 2 m</li><li><strong>Alçada</strong>: 5,30 m</li><li><strong>Pesos Parcials: </strong><ul><li><strong>Carcassa</strong>: 121 kg</li><li><strong>Roba</strong>: 38 kg</li><li><strong>Cap</strong>: 29 kg </li></ul></li><li><strong>Pes Total:</strong> 188 kg</li></ul>



<div style="clear: both; width: 100%; height: 20px;">&nbsp;</div>



<div class="wp-block-image"><figure class="aligncenter"><img loading="lazy" width="1320" height="53" src="http://www.amicsdelcamell.cat/wp-content/uploads/2016/07/traca2.png" alt="traca2" class="wp-image-307" srcset="http://www.amicsdelcamell.cat/wp-content/uploads/2016/07/traca2.png 1320w, http://www.amicsdelcamell.cat/wp-content/uploads/2016/07/traca2-300x12.png 300w, http://www.amicsdelcamell.cat/wp-content/uploads/2016/07/traca2-768x31.png 768w, http://www.amicsdelcamell.cat/wp-content/uploads/2016/07/traca2-1024x41.png 1024w, http://www.amicsdelcamell.cat/wp-content/uploads/2016/07/traca2-1200x48.png 1200w" sizes="(max-width: 709px) 85vw, (max-width: 909px) 67vw, (max-width: 1362px) 62vw, 840px" /></figure></div>



<p></p>

<p>El Camell és una bèstia de foc de grans dimensions que recorre els carrers de la Vila empaitant els culs més agosarats que s’atreveixen a posar-se davant seu. Amb una fesomia fantàstica i zoomòrfica, el Camell forma part de la tradició molinenca de Carnaval des del segle XVIII. Recuperat l’any 1981, en plena reivindicació postfranquista &hellip; <a href="http://www.amicsdelcamell.cat/inici/labestia/caracteristiques/" class="more-link">Continua llegint <span class="screen-reader-text">«Característiques de la bèstia»</span></a></p>
