{"id":56,"date":"2016-07-29T16:08:59","date_gmt":"2016-07-29T16:08:59","guid":{"rendered":"http:\/\/www.amicsdelcamell.cat\/?page_id=56"},"modified":"2025-02-21T16:10:57","modified_gmt":"2025-02-21T16:10:57","slug":"per-que-camell","status":"publish","type":"page","link":"http:\/\/www.amicsdelcamell.cat\/inici\/labestia\/per-que-camell\/","title":{"rendered":"Per qu\u00e8 Camell?"},"content":{"rendered":"\n<p>El nom de la b\u00e8stia pot portar a confusi\u00f3, ja que <strong>no t\u00e9 res a veure amb el camell del desert de dues gepes<\/strong>. La seva fesomia s\u2019assembla molt m\u00e9s a una <strong>mula<\/strong> o a una criatura inventada. El terme <strong>\u201cCamell\u201d<\/strong> prov\u00e9 de l\u2019expressi\u00f3 popular <strong>\u201cfer el camell\u201d<\/strong>, que significa <strong>fer el ximple, el br\u00e8tol o l\u2019animal<\/strong>. Aquesta expressi\u00f3 encaixa perfectament amb l\u2019esperit d\u2019aquesta b\u00e8stia festiva, que irrompia al ball de Carnaval causant corredisses i confusi\u00f3 entre els assistents, convertint-se en el s\u00edmbol del desordre i la disbauxa pr\u00f2pia d\u2019aquesta festa.<\/p>\n\n\n\n<figure class=\"wp-block-embed is-type-video is-provider-youtube wp-block-embed-youtube wp-embed-aspect-16-9 wp-has-aspect-ratio\"><div class=\"wp-block-embed__wrapper\">\n<iframe loading=\"lazy\" title=\"Els Amics del Camell Fira de la Candelera 2021\" width=\"840\" height=\"473\" src=\"https:\/\/www.youtube.com\/embed\/lfWkUijUQvg?feature=oembed\" frameborder=\"0\" allow=\"accelerometer; autoplay; clipboard-write; encrypted-media; gyroscope; picture-in-picture; web-share\" referrerpolicy=\"strict-origin-when-cross-origin\" allowfullscreen><\/iframe>\n<\/div><figcaption>V\u00eddeo realitzat pels Amics del Camell en motiu de la Fira de la Candelera 2021<\/figcaption><\/figure>\n\n\n\n<div style=\"clear: both; width: 100%; height: 20px;\">&nbsp;<\/div>\n\n\n\n<div class=\"wp-block-image\"><figure class=\"aligncenter\"><img loading=\"lazy\" width=\"1320\" height=\"53\" src=\"http:\/\/www.amicsdelcamell.cat\/wp-content\/uploads\/2016\/07\/traca2.png\" alt=\"traca2\" class=\"wp-image-307\" srcset=\"http:\/\/www.amicsdelcamell.cat\/wp-content\/uploads\/2016\/07\/traca2.png 1320w, http:\/\/www.amicsdelcamell.cat\/wp-content\/uploads\/2016\/07\/traca2-300x12.png 300w, http:\/\/www.amicsdelcamell.cat\/wp-content\/uploads\/2016\/07\/traca2-768x31.png 768w, http:\/\/www.amicsdelcamell.cat\/wp-content\/uploads\/2016\/07\/traca2-1024x41.png 1024w, http:\/\/www.amicsdelcamell.cat\/wp-content\/uploads\/2016\/07\/traca2-1200x48.png 1200w\" sizes=\"(max-width: 709px) 85vw, (max-width: 909px) 67vw, (max-width: 1362px) 62vw, 840px\" \/><\/figure><\/div>\n","protected":false},"excerpt":{"rendered":"<p>El nom de la b\u00e8stia pot portar a confusi\u00f3, ja que no t\u00e9 res a veure amb el camell del desert de dues gepes. La seva fesomia s\u2019assembla molt m\u00e9s a una mula o a una criatura inventada. El terme \u201cCamell\u201d prov\u00e9 de l\u2019expressi\u00f3 popular \u201cfer el camell\u201d, que significa fer el ximple, el br\u00e8tol &hellip; <a href=\"http:\/\/www.amicsdelcamell.cat\/inici\/labestia\/per-que-camell\/\" class=\"more-link\">Continua llegint <span class=\"screen-reader-text\">\u00abPer qu\u00e8 Camell?\u00bb<\/span><\/a><\/p>\n","protected":false},"author":1,"featured_media":0,"parent":14,"menu_order":2,"comment_status":"closed","ping_status":"closed","template":"","meta":[],"_links":{"self":[{"href":"http:\/\/www.amicsdelcamell.cat\/inici\/wp-json\/wp\/v2\/pages\/56"}],"collection":[{"href":"http:\/\/www.amicsdelcamell.cat\/inici\/wp-json\/wp\/v2\/pages"}],"about":[{"href":"http:\/\/www.amicsdelcamell.cat\/inici\/wp-json\/wp\/v2\/types\/page"}],"author":[{"embeddable":true,"href":"http:\/\/www.amicsdelcamell.cat\/inici\/wp-json\/wp\/v2\/users\/1"}],"replies":[{"embeddable":true,"href":"http:\/\/www.amicsdelcamell.cat\/inici\/wp-json\/wp\/v2\/comments?post=56"}],"version-history":[{"count":15,"href":"http:\/\/www.amicsdelcamell.cat\/inici\/wp-json\/wp\/v2\/pages\/56\/revisions"}],"predecessor-version":[{"id":1286,"href":"http:\/\/www.amicsdelcamell.cat\/inici\/wp-json\/wp\/v2\/pages\/56\/revisions\/1286"}],"up":[{"embeddable":true,"href":"http:\/\/www.amicsdelcamell.cat\/inici\/wp-json\/wp\/v2\/pages\/14"}],"wp:attachment":[{"href":"http:\/\/www.amicsdelcamell.cat\/inici\/wp-json\/wp\/v2\/media?parent=56"}],"curies":[{"name":"wp","href":"https:\/\/api.w.org\/{rel}","templated":true}]}}

Per què Camell?

<p>El nom de la bèstia pot portar a confusió, ja que <strong>no té res a veure amb el camell del desert de dues gepes</strong>. La seva fesomia s’assembla molt més a una <strong>mula</strong> o a una criatura inventada. El terme <strong>“Camell”</strong> prové de l’expressió popular <strong>“fer el camell”</strong>, que significa <strong>fer el ximple, el brètol o l’animal</strong>. Aquesta expressió encaixa perfectament amb l’esperit d’aquesta bèstia festiva, que irrompia al ball de Carnaval causant corredisses i confusió entre els assistents, convertint-se en el símbol del desordre i la disbauxa pròpia d’aquesta festa.</p>



<figure class="wp-block-embed is-type-video is-provider-youtube wp-block-embed-youtube wp-embed-aspect-16-9 wp-has-aspect-ratio"><div class="wp-block-embed__wrapper">
<iframe loading="lazy" title="Els Amics del Camell Fira de la Candelera 2021" width="840" height="473" src="https://www.youtube.com/embed/lfWkUijUQvg?feature=oembed" frameborder="0" allow="accelerometer; autoplay; clipboard-write; encrypted-media; gyroscope; picture-in-picture; web-share" referrerpolicy="strict-origin-when-cross-origin" allowfullscreen></iframe>
</div><figcaption>Vídeo realitzat pels Amics del Camell en motiu de la Fira de la Candelera 2021</figcaption></figure>



<div style="clear: both; width: 100%; height: 20px;">&nbsp;</div>



<div class="wp-block-image"><figure class="aligncenter"><img loading="lazy" width="1320" height="53" src="http://www.amicsdelcamell.cat/wp-content/uploads/2016/07/traca2.png" alt="traca2" class="wp-image-307" srcset="http://www.amicsdelcamell.cat/wp-content/uploads/2016/07/traca2.png 1320w, http://www.amicsdelcamell.cat/wp-content/uploads/2016/07/traca2-300x12.png 300w, http://www.amicsdelcamell.cat/wp-content/uploads/2016/07/traca2-768x31.png 768w, http://www.amicsdelcamell.cat/wp-content/uploads/2016/07/traca2-1024x41.png 1024w, http://www.amicsdelcamell.cat/wp-content/uploads/2016/07/traca2-1200x48.png 1200w" sizes="(max-width: 709px) 85vw, (max-width: 909px) 67vw, (max-width: 1362px) 62vw, 840px" /></figure></div>

<p>El nom de la bèstia pot portar a confusió, ja que no té res a veure amb el camell del desert de dues gepes. La seva fesomia s’assembla molt més a una mula o a una criatura inventada. El terme “Camell” prové de l’expressió popular “fer el camell”, que significa fer el ximple, el brètol &hellip; <a href="http://www.amicsdelcamell.cat/inici/labestia/per-que-camell/" class="more-link">Continua llegint <span class="screen-reader-text">«Per què Camell?»</span></a></p>
