{"id":46,"date":"2016-07-29T15:58:27","date_gmt":"2016-07-29T15:58:27","guid":{"rendered":"http:\/\/www.amicsdelcamell.cat\/?page_id=46"},"modified":"2024-03-31T15:03:05","modified_gmt":"2024-03-31T15:03:05","slug":"portadors","status":"publish","type":"page","link":"http:\/\/www.amicsdelcamell.cat\/inici\/entitat\/portadors\/","title":{"rendered":"Portadors"},"content":{"rendered":"\n<p>Els portadors s\u00f3n <b>els encarregats de donar vida al Camell<\/b>. <\/p>\n\n\n\n<figure class=\"wp-block-image size-large\"><img loading=\"lazy\" width=\"1024\" height=\"683\" src=\"http:\/\/www.amicsdelcamell.cat\/wp-content\/uploads\/2021\/11\/JordiCosta_Matines2021-11-1024x683.jpeg\" alt=\"\" class=\"wp-image-504\" srcset=\"http:\/\/www.amicsdelcamell.cat\/wp-content\/uploads\/2021\/11\/JordiCosta_Matines2021-11-1024x683.jpeg 1024w, http:\/\/www.amicsdelcamell.cat\/wp-content\/uploads\/2021\/11\/JordiCosta_Matines2021-11-300x200.jpeg 300w, http:\/\/www.amicsdelcamell.cat\/wp-content\/uploads\/2021\/11\/JordiCosta_Matines2021-11-768x512.jpeg 768w, http:\/\/www.amicsdelcamell.cat\/wp-content\/uploads\/2021\/11\/JordiCosta_Matines2021-11-1536x1024.jpeg 1536w, http:\/\/www.amicsdelcamell.cat\/wp-content\/uploads\/2021\/11\/JordiCosta_Matines2021-11-1200x800.jpeg 1200w, http:\/\/www.amicsdelcamell.cat\/wp-content\/uploads\/2021\/11\/JordiCosta_Matines2021-11.jpeg 1620w\" sizes=\"(max-width: 709px) 85vw, (max-width: 909px) 67vw, (max-width: 1362px) 62vw, 840px\" \/><figcaption>Matines del Camell 2021 (Covid Edition) &#8211; Imatge Jordi Costa<\/figcaption><\/figure>\n\n\n\n<p>Un grup de portadors est\u00e0 format per <strong>7 camellaires<\/strong>, sis d&#8217;ells carreguen la b\u00e8stia i un set\u00e8 \u00e9s l&#8217;encarregat d&#8217;aixecar el cap des de dins. <strong>Al voltant de la b\u00e8stia hi ha 7 persones m\u00e9s<\/strong>, quatre d&#8217;elles guien els portadors estirant les cordes situades als costats, dues m\u00e9s s&#8217;encarreguen de guiar el Camell des del cap i una setena dona vida a la cua i ruixa tothom que el segueixi amb les seves espurnes.&nbsp;<\/p>\n\n\n\n<center><iframe loading=\"lazy\" src=\"https:\/\/www.youtube.com\/embed\/FceA3ClQnv8\" width=\"840\" height=\"590\" frameborder=\"0\" allowfullscreen=\"allowfullscreen\"><\/iframe><\/center>\n\n\n\n<p>A les sortides es compta amb diferents grups de portadors complets que es van rellevant durant el recorregut, per poder descansar de l\u2019esfor\u00e7 fet.<\/p>\n\n\n\n<div class=\"wp-block-image\"><figure class=\"aligncenter\"><img loading=\"lazy\" width=\"840\" height=\"593\" src=\"http:\/\/www.amicsdelcamell.cat\/wp-content\/uploads\/2016\/07\/PORTADORS-5.jpg\" alt=\"PORTADORS-(5)\" class=\"wp-image-210\" srcset=\"http:\/\/www.amicsdelcamell.cat\/wp-content\/uploads\/2016\/07\/PORTADORS-5.jpg 840w, http:\/\/www.amicsdelcamell.cat\/wp-content\/uploads\/2016\/07\/PORTADORS-5-300x212.jpg 300w, http:\/\/www.amicsdelcamell.cat\/wp-content\/uploads\/2016\/07\/PORTADORS-5-768x542.jpg 768w\" sizes=\"(max-width: 709px) 85vw, (max-width: 909px) 67vw, (max-width: 1362px) 62vw, 840px\" \/><figcaption>El Camell i els seus portadors a Valls &#8211;  Imatge d&#8217;arxiu Amics del Camell <\/figcaption><\/figure><\/div>\n\n\n\n<div style=\"clear: both; width: 100%; height: 20px;\">&nbsp;<\/div>\n\n\n\n<div class=\"wp-block-image\"><figure class=\"aligncenter\"><img loading=\"lazy\" width=\"1320\" height=\"53\" src=\"http:\/\/www.amicsdelcamell.cat\/wp-content\/uploads\/2016\/07\/traca2.png\" alt=\"traca2\" class=\"wp-image-307\" srcset=\"http:\/\/www.amicsdelcamell.cat\/wp-content\/uploads\/2016\/07\/traca2.png 1320w, http:\/\/www.amicsdelcamell.cat\/wp-content\/uploads\/2016\/07\/traca2-300x12.png 300w, http:\/\/www.amicsdelcamell.cat\/wp-content\/uploads\/2016\/07\/traca2-768x31.png 768w, http:\/\/www.amicsdelcamell.cat\/wp-content\/uploads\/2016\/07\/traca2-1024x41.png 1024w, http:\/\/www.amicsdelcamell.cat\/wp-content\/uploads\/2016\/07\/traca2-1200x48.png 1200w\" sizes=\"(max-width: 709px) 85vw, (max-width: 909px) 67vw, (max-width: 1362px) 62vw, 840px\" \/><\/figure><\/div>\n","protected":false},"excerpt":{"rendered":"<p>Els portadors s\u00f3n els encarregats de donar vida al Camell. Un grup de portadors est\u00e0 format per 7 camellaires, sis d&#8217;ells carreguen la b\u00e8stia i un set\u00e8 \u00e9s l&#8217;encarregat d&#8217;aixecar el cap des de dins. Al voltant de la b\u00e8stia hi ha 7 persones m\u00e9s, quatre d&#8217;elles guien els portadors estirant les cordes situades als &hellip; <a href=\"http:\/\/www.amicsdelcamell.cat\/inici\/entitat\/portadors\/\" class=\"more-link\">Continua llegint <span class=\"screen-reader-text\">\u00abPortadors\u00bb<\/span><\/a><\/p>\n","protected":false},"author":1,"featured_media":0,"parent":36,"menu_order":4,"comment_status":"closed","ping_status":"closed","template":"","meta":[],"_links":{"self":[{"href":"http:\/\/www.amicsdelcamell.cat\/inici\/wp-json\/wp\/v2\/pages\/46"}],"collection":[{"href":"http:\/\/www.amicsdelcamell.cat\/inici\/wp-json\/wp\/v2\/pages"}],"about":[{"href":"http:\/\/www.amicsdelcamell.cat\/inici\/wp-json\/wp\/v2\/types\/page"}],"author":[{"embeddable":true,"href":"http:\/\/www.amicsdelcamell.cat\/inici\/wp-json\/wp\/v2\/users\/1"}],"replies":[{"embeddable":true,"href":"http:\/\/www.amicsdelcamell.cat\/inici\/wp-json\/wp\/v2\/comments?post=46"}],"version-history":[{"count":18,"href":"http:\/\/www.amicsdelcamell.cat\/inici\/wp-json\/wp\/v2\/pages\/46\/revisions"}],"predecessor-version":[{"id":1152,"href":"http:\/\/www.amicsdelcamell.cat\/inici\/wp-json\/wp\/v2\/pages\/46\/revisions\/1152"}],"up":[{"embeddable":true,"href":"http:\/\/www.amicsdelcamell.cat\/inici\/wp-json\/wp\/v2\/pages\/36"}],"wp:attachment":[{"href":"http:\/\/www.amicsdelcamell.cat\/inici\/wp-json\/wp\/v2\/media?parent=46"}],"curies":[{"name":"wp","href":"https:\/\/api.w.org\/{rel}","templated":true}]}}

<p>Els portadors són <b>els encarregats de donar vida al Camell</b>. </p>



<figure class="wp-block-image size-large"><img loading="lazy" width="1024" height="683" src="http://www.amicsdelcamell.cat/wp-content/uploads/2021/11/JordiCosta_Matines2021-11-1024x683.jpeg" alt="" class="wp-image-504" srcset="http://www.amicsdelcamell.cat/wp-content/uploads/2021/11/JordiCosta_Matines2021-11-1024x683.jpeg 1024w, http://www.amicsdelcamell.cat/wp-content/uploads/2021/11/JordiCosta_Matines2021-11-300x200.jpeg 300w, http://www.amicsdelcamell.cat/wp-content/uploads/2021/11/JordiCosta_Matines2021-11-768x512.jpeg 768w, http://www.amicsdelcamell.cat/wp-content/uploads/2021/11/JordiCosta_Matines2021-11-1536x1024.jpeg 1536w, http://www.amicsdelcamell.cat/wp-content/uploads/2021/11/JordiCosta_Matines2021-11-1200x800.jpeg 1200w, http://www.amicsdelcamell.cat/wp-content/uploads/2021/11/JordiCosta_Matines2021-11.jpeg 1620w" sizes="(max-width: 709px) 85vw, (max-width: 909px) 67vw, (max-width: 1362px) 62vw, 840px" /><figcaption>Matines del Camell 2021 (Covid Edition) &#8211; Imatge Jordi Costa</figcaption></figure>



<p>Un grup de portadors està format per <strong>7 camellaires</strong>, sis d&#8217;ells carreguen la bèstia i un setè és l&#8217;encarregat d&#8217;aixecar el cap des de dins. <strong>Al voltant de la bèstia hi ha 7 persones més</strong>, quatre d&#8217;elles guien els portadors estirant les cordes situades als costats, dues més s&#8217;encarreguen de guiar el Camell des del cap i una setena dona vida a la cua i ruixa tothom que el segueixi amb les seves espurnes.&nbsp;</p>



<center><iframe loading="lazy" src="https://www.youtube.com/embed/FceA3ClQnv8" width="840" height="590" frameborder="0" allowfullscreen="allowfullscreen"></iframe></center>



<p>A les sortides es compta amb diferents grups de portadors complets que es van rellevant durant el recorregut, per poder descansar de l’esforç fet.</p>



<div class="wp-block-image"><figure class="aligncenter"><img loading="lazy" width="840" height="593" src="http://www.amicsdelcamell.cat/wp-content/uploads/2016/07/PORTADORS-5.jpg" alt="PORTADORS-(5)" class="wp-image-210" srcset="http://www.amicsdelcamell.cat/wp-content/uploads/2016/07/PORTADORS-5.jpg 840w, http://www.amicsdelcamell.cat/wp-content/uploads/2016/07/PORTADORS-5-300x212.jpg 300w, http://www.amicsdelcamell.cat/wp-content/uploads/2016/07/PORTADORS-5-768x542.jpg 768w" sizes="(max-width: 709px) 85vw, (max-width: 909px) 67vw, (max-width: 1362px) 62vw, 840px" /><figcaption>El Camell i els seus portadors a Valls &#8211;  Imatge d&#8217;arxiu Amics del Camell </figcaption></figure></div>



<div style="clear: both; width: 100%; height: 20px;">&nbsp;</div>



<div class="wp-block-image"><figure class="aligncenter"><img loading="lazy" width="1320" height="53" src="http://www.amicsdelcamell.cat/wp-content/uploads/2016/07/traca2.png" alt="traca2" class="wp-image-307" srcset="http://www.amicsdelcamell.cat/wp-content/uploads/2016/07/traca2.png 1320w, http://www.amicsdelcamell.cat/wp-content/uploads/2016/07/traca2-300x12.png 300w, http://www.amicsdelcamell.cat/wp-content/uploads/2016/07/traca2-768x31.png 768w, http://www.amicsdelcamell.cat/wp-content/uploads/2016/07/traca2-1024x41.png 1024w, http://www.amicsdelcamell.cat/wp-content/uploads/2016/07/traca2-1200x48.png 1200w" sizes="(max-width: 709px) 85vw, (max-width: 909px) 67vw, (max-width: 1362px) 62vw, 840px" /></figure></div>

<p>Els portadors són els encarregats de donar vida al Camell. Un grup de portadors està format per 7 camellaires, sis d&#8217;ells carreguen la bèstia i un setè és l&#8217;encarregat d&#8217;aixecar el cap des de dins. Al voltant de la bèstia hi ha 7 persones més, quatre d&#8217;elles guien els portadors estirant les cordes situades als &hellip; <a href="http://www.amicsdelcamell.cat/inici/entitat/portadors/" class="more-link">Continua llegint <span class="screen-reader-text">«Portadors»</span></a></p>
