{"id":18,"date":"2016-07-29T15:45:21","date_gmt":"2016-07-29T15:45:21","guid":{"rendered":"http:\/\/www.amicsdelcamell.cat\/?page_id=18"},"modified":"2024-04-15T11:58:20","modified_gmt":"2024-04-15T11:58:20","slug":"correcuites","status":"publish","type":"page","link":"http:\/\/www.amicsdelcamell.cat\/inici\/correcuites\/","title":{"rendered":"Correcuites"},"content":{"rendered":"\n<p>El Camell surt a empaitar els culs dels molinencs i molinenques nom\u00e9s en tres dates assenyalades: Dissabte de Festa Major, Matines de Sant Miquel i el diumenge de Carnaval. <\/p>\n\n\n\n<div class=\"wp-block-columns\">\n<div class=\"wp-block-column\">\n<div class=\"wp-block-group\"><div class=\"wp-block-group__inner-container\">\n<figure class=\"wp-block-image size-large\"><a href=\"http:\/\/www.amicsdelcamell.cat\/correcuites\/matines\/\"><img loading=\"lazy\" width=\"1024\" height=\"683\" src=\"http:\/\/www.amicsdelcamell.cat\/wp-content\/uploads\/2021\/11\/MATINES-06-Jordi-Costa-130-1024x683.jpg\" alt=\"\" class=\"wp-image-607\" srcset=\"http:\/\/www.amicsdelcamell.cat\/wp-content\/uploads\/2021\/11\/MATINES-06-Jordi-Costa-130-1024x683.jpg 1024w, http:\/\/www.amicsdelcamell.cat\/wp-content\/uploads\/2021\/11\/MATINES-06-Jordi-Costa-130-300x200.jpg 300w, http:\/\/www.amicsdelcamell.cat\/wp-content\/uploads\/2021\/11\/MATINES-06-Jordi-Costa-130-768x512.jpg 768w, http:\/\/www.amicsdelcamell.cat\/wp-content\/uploads\/2021\/11\/MATINES-06-Jordi-Costa-130-1536x1024.jpg 1536w, http:\/\/www.amicsdelcamell.cat\/wp-content\/uploads\/2021\/11\/MATINES-06-Jordi-Costa-130-2048x1365.jpg 2048w, http:\/\/www.amicsdelcamell.cat\/wp-content\/uploads\/2021\/11\/MATINES-06-Jordi-Costa-130-1200x800.jpg 1200w\" sizes=\"(max-width: 709px) 85vw, (max-width: 909px) 67vw, (max-width: 1362px) 62vw, 840px\" \/><\/a><figcaption>Imatge Guillem Urb\u00e0<\/figcaption><\/figure>\n\n\n\n<div class=\"wp-block-buttons is-content-justification-center\">\n<div class=\"wp-block-button\"><a class=\"wp-block-button__link has-background\" href=\"http:\/\/www.amicsdelcamell.cat\/correcuites\/matines\/\" style=\"background-color:#ff8000\">MATINES<\/a><\/div>\n<\/div>\n<\/div><\/div>\n<\/div>\n\n\n\n<div class=\"wp-block-column\">\n<div class=\"wp-block-group\"><div class=\"wp-block-group__inner-container\">\n<figure class=\"wp-block-image size-large\"><a href=\"http:\/\/www.amicsdelcamell.cat\/correcuites\/festa-major\/\"><img loading=\"lazy\" width=\"1024\" height=\"682\" src=\"http:\/\/www.amicsdelcamell.cat\/wp-content\/uploads\/2021\/11\/Corre-cuita_CovidEdition_2021_HectorHernandez-8-1024x682.jpg\" alt=\"\" class=\"wp-image-592\" srcset=\"http:\/\/www.amicsdelcamell.cat\/wp-content\/uploads\/2021\/11\/Corre-cuita_CovidEdition_2021_HectorHernandez-8-1024x682.jpg 1024w, http:\/\/www.amicsdelcamell.cat\/wp-content\/uploads\/2021\/11\/Corre-cuita_CovidEdition_2021_HectorHernandez-8-300x200.jpg 300w, http:\/\/www.amicsdelcamell.cat\/wp-content\/uploads\/2021\/11\/Corre-cuita_CovidEdition_2021_HectorHernandez-8-768x512.jpg 768w, http:\/\/www.amicsdelcamell.cat\/wp-content\/uploads\/2021\/11\/Corre-cuita_CovidEdition_2021_HectorHernandez-8-1536x1024.jpg 1536w, http:\/\/www.amicsdelcamell.cat\/wp-content\/uploads\/2021\/11\/Corre-cuita_CovidEdition_2021_HectorHernandez-8-1200x800.jpg 1200w, http:\/\/www.amicsdelcamell.cat\/wp-content\/uploads\/2021\/11\/Corre-cuita_CovidEdition_2021_HectorHernandez-8.jpg 2000w\" sizes=\"(max-width: 709px) 85vw, (max-width: 909px) 67vw, (max-width: 1362px) 62vw, 840px\" \/><\/a><figcaption>Imatge H\u00e9ctor Hern\u00e1ndez<\/figcaption><\/figure>\n\n\n\n<div class=\"wp-block-buttons is-content-justification-center\">\n<div class=\"wp-block-button\"><a class=\"wp-block-button__link\" href=\"http:\/\/www.amicsdelcamell.cat\/correcuites\/festa-major\/\">CORRECUITA<\/a><\/div>\n<\/div>\n<\/div><\/div>\n<\/div>\n\n\n\n<div class=\"wp-block-column\">\n<div class=\"wp-block-group\"><div class=\"wp-block-group__inner-container\">\n<figure class=\"wp-block-image size-large\"><a href=\"http:\/\/www.amicsdelcamell.cat\/correcuites\/carnestoltes\/\"><img loading=\"lazy\" width=\"1024\" height=\"683\" src=\"http:\/\/www.amicsdelcamell.cat\/wp-content\/uploads\/2021\/11\/JordiCosta_Matines2021-11-1024x683.jpeg\" alt=\"\" class=\"wp-image-504\" srcset=\"http:\/\/www.amicsdelcamell.cat\/wp-content\/uploads\/2021\/11\/JordiCosta_Matines2021-11-1024x683.jpeg 1024w, http:\/\/www.amicsdelcamell.cat\/wp-content\/uploads\/2021\/11\/JordiCosta_Matines2021-11-300x200.jpeg 300w, http:\/\/www.amicsdelcamell.cat\/wp-content\/uploads\/2021\/11\/JordiCosta_Matines2021-11-768x512.jpeg 768w, http:\/\/www.amicsdelcamell.cat\/wp-content\/uploads\/2021\/11\/JordiCosta_Matines2021-11-1536x1024.jpeg 1536w, http:\/\/www.amicsdelcamell.cat\/wp-content\/uploads\/2021\/11\/JordiCosta_Matines2021-11-1200x800.jpeg 1200w, http:\/\/www.amicsdelcamell.cat\/wp-content\/uploads\/2021\/11\/JordiCosta_Matines2021-11.jpeg 1620w\" sizes=\"(max-width: 709px) 85vw, (max-width: 909px) 67vw, (max-width: 1362px) 62vw, 840px\" \/><\/a><figcaption>Imatge Jordi Costa<\/figcaption><\/figure>\n\n\n\n<div class=\"wp-block-buttons is-content-justification-center\">\n<div class=\"wp-block-button\"><a class=\"wp-block-button__link has-background\" href=\"http:\/\/www.amicsdelcamell.cat\/correcuites\/carnestoltes\/\" style=\"background-color:#ff8000\">EMPAITACULS<\/a><\/div>\n<\/div>\n<\/div><\/div>\n<\/div>\n<\/div>\n\n\n\n<p>Les sortides del Camell no es poden considerar un Correfoc com a tal, s\u00f3n especials per les caracter\u00edstiques de la b\u00e8stia i els seus moviments. <\/p>\n\n\n\n<p>El Camell empaita els culs dels assistents mentre corren davant seu. La b\u00e8stia corre endavant i enrere, dona voltes sobre si mateix, aixeca el cap i, fins i tot, puja escales, fet que \u00e9s espectacular de veure a causa de les dimensions de la figura. <\/p>\n\n\n\n<p>Aix\u00ed doncs, el Camell fa Correcuita i Sarau d&#8217;Espurnes per Festa Major i un Empaitaculs per Carnaval. <\/p>\n\n\n\n<div class=\"wp-block-buttons is-content-justification-center\">\n<div class=\"wp-block-button\"><a class=\"wp-block-button__link has-background\" href=\"http:\/\/www.amicsdelcamell.cat\/normativa\/\" style=\"border-radius:10px;background-color:#ff8000\" target=\"_blank\" rel=\"noreferrer noopener\">consultar les normatives de seguretat<\/a><\/div>\n<\/div>\n\n\n\n<div style=\"clear: both; width: 100%; height: 20px;\">&nbsp;<\/div>\n\n\n\n<div class=\"wp-block-image\"><figure class=\"aligncenter\"><img loading=\"lazy\" width=\"1320\" height=\"53\" src=\"http:\/\/www.amicsdelcamell.cat\/wp-content\/uploads\/2016\/07\/traca2.png\" alt=\"traca2\" class=\"wp-image-307\" srcset=\"http:\/\/www.amicsdelcamell.cat\/wp-content\/uploads\/2016\/07\/traca2.png 1320w, http:\/\/www.amicsdelcamell.cat\/wp-content\/uploads\/2016\/07\/traca2-300x12.png 300w, http:\/\/www.amicsdelcamell.cat\/wp-content\/uploads\/2016\/07\/traca2-768x31.png 768w, http:\/\/www.amicsdelcamell.cat\/wp-content\/uploads\/2016\/07\/traca2-1024x41.png 1024w, http:\/\/www.amicsdelcamell.cat\/wp-content\/uploads\/2016\/07\/traca2-1200x48.png 1200w\" sizes=\"(max-width: 709px) 85vw, (max-width: 909px) 67vw, (max-width: 1362px) 62vw, 840px\" \/><\/figure><\/div>\n","protected":false},"excerpt":{"rendered":"<p>El Camell surt a empaitar els culs dels molinencs i molinenques nom\u00e9s en tres dates assenyalades: Dissabte de Festa Major, Matines de Sant Miquel i el diumenge de Carnaval. Les sortides del Camell no es poden considerar un Correfoc com a tal, s\u00f3n especials per les caracter\u00edstiques de la b\u00e8stia i els seus moviments. El &hellip; <a href=\"http:\/\/www.amicsdelcamell.cat\/inici\/correcuites\/\" class=\"more-link\">Continua llegint <span class=\"screen-reader-text\">\u00abCorrecuites\u00bb<\/span><\/a><\/p>\n","protected":false},"author":1,"featured_media":0,"parent":0,"menu_order":5,"comment_status":"closed","ping_status":"closed","template":"","meta":[],"_links":{"self":[{"href":"http:\/\/www.amicsdelcamell.cat\/inici\/wp-json\/wp\/v2\/pages\/18"}],"collection":[{"href":"http:\/\/www.amicsdelcamell.cat\/inici\/wp-json\/wp\/v2\/pages"}],"about":[{"href":"http:\/\/www.amicsdelcamell.cat\/inici\/wp-json\/wp\/v2\/types\/page"}],"author":[{"embeddable":true,"href":"http:\/\/www.amicsdelcamell.cat\/inici\/wp-json\/wp\/v2\/users\/1"}],"replies":[{"embeddable":true,"href":"http:\/\/www.amicsdelcamell.cat\/inici\/wp-json\/wp\/v2\/comments?post=18"}],"version-history":[{"count":15,"href":"http:\/\/www.amicsdelcamell.cat\/inici\/wp-json\/wp\/v2\/pages\/18\/revisions"}],"predecessor-version":[{"id":1171,"href":"http:\/\/www.amicsdelcamell.cat\/inici\/wp-json\/wp\/v2\/pages\/18\/revisions\/1171"}],"wp:attachment":[{"href":"http:\/\/www.amicsdelcamell.cat\/inici\/wp-json\/wp\/v2\/media?parent=18"}],"curies":[{"name":"wp","href":"https:\/\/api.w.org\/{rel}","templated":true}]}}